{"id":4343,"date":"2020-07-26T05:08:11","date_gmt":"2020-07-26T05:08:11","guid":{"rendered":"https:\/\/firstdesign.ro\/roxer\/?post_type=product&#038;p=4343"},"modified":"2020-11-20T14:54:11","modified_gmt":"2020-11-20T14:54:11","slug":"imprimanta-multifunctionala-xerox-b1025vu","status":"publish","type":"product","link":"https:\/\/www.roxer.ro\/dev\/echipament\/imprimanta-multifunctionala-xerox-b1025vu","title":{"rendered":"Imprimant\u0103 multifunc\u0163ional\u0103 Xerox B1025VU"},"content":{"rendered":"<p><strong>O\u00a0imprimant\u0103 multifunc\u021bional\u0103 compact\u0103<\/strong>\u00a0care dispune de mai multe func\u021bii dec\u00e2t toate celelalte dispozitive pe care le ave\u0163i \u00een birou la un loc, permi\u021b\u00e2ndu-v\u0103 s\u0103 utiliza\u021bi formate de h\u00e2rtie de p\u00e2n\u0103 la tabloid\/A3.<\/p>\n<ul>\n<li>economisirea spa\u021biului<\/li>\n<li>imprimare \u0219i scanare complete la \u00eenalt\u0103 vitez\u0103<\/li>\n<li>imprimare mobil\u0103<\/li>\n<\/ul>\n<p><strong>Caracteristici ale echipamentelor Xerox\u00a0B1022 \/ B1025<\/strong><\/p>\n<p>Procesor\/Memorie: 600 Mhz\/256 Mb pentru B 1022 sau 1 Ghz\/1,5 Gb pentru B 1025<br \/>\nVolum lunar recomandat: P\u00e2n\u0103 la 2.000 pagini\/lun\u0103<br \/>\nCapacitate h\u00e2rtie: standard\/max 350 coli \/600 coli<br \/>\nRezolu\u021bie imprimare: P\u00e2n\u0103 la 1200 x 1200 dpi<br \/>\nLimbaje de imprimare: PCL6, Adobe Post Script<br \/>\nConectivitate: USB 2.0, 10\/100 Base-T, optional Wi-Fi 802.11 b\/g\/n<br \/>\nScanare \u2013 specifica\u021bii: Vitez\u0103 simplex: 30 ipm , rezolu\u021bie scanare: alb-negru \u0219i color p\u00e2n\u0103 la 600 x 600 dpi, scanare c\u0103tre re\u021bea (FTP, SMB), e-mail, USB<br \/>\nCopiere \u2013 specifica\u021bii: Copierea primei pagini \u00een 7,8s (B1022); 7,6s (B1025) , rezolu\u021bie 600 x 600 dpi, Func\u021bii: mic\u015forare\/m\u0103rire, N-up,copiere carduri de identitate, mai deschis\/mai \u00eenchis, \u00eentoarcere imagine<br \/>\nKit de start: Echipamentul se livreaza cu toner negru de 2500 de pagini<\/p>\n<p><strong>Consumabile pentru imprimantele multifunc\u0163ionale\u00a0Xerox\u00a0B1022 \/ B1025<\/strong><\/p>\n<p>006R01731 Cartu\u0219 toner, 13.700 pagini<br \/>\n013R00679 Unitate cilindru de imagine, 80.000 pagini<\/p>\n<p><strong>Op\u021biuni de extindere<\/strong><\/p>\n<p>\u2022 Tav\u0103 cu capacitate de 250 de coli, 097N02316<br \/>\n\u2022 Fax kit (1 linie), 497N05496<br \/>\n\u2022 DADF, 497N05497<br \/>\n\u2022 Kit Wi-Fi, 497N05495<\/p>\n<p><strong>AMPRENT\u0102 LA SOL REDUS\u0102. CAPACITATE EXTINS\u0102.<\/strong><br \/>\nVe\u021bi putea face incredibil de multe lucruri cu un echipament mai mic.<br \/>\n<strong>Xerox B1022 si B1025<\/strong>\u00a0\u00eenlocuiesc mai multe dispozitive cu o imprimant\u0103 multifunc\u021bional\u0103 compact\u0103 care dispune de mai multe func\u021bii dec\u00e2t toate celelalte la un loc, permi\u021b\u00e2ndu-v\u0103 s\u0103 utiliza\u021bi formate de h\u00e2rtie de p\u00e2n\u0103 la A3.<\/p>\n<p><strong>FUNC\u021aII AVANSATE PENTRU\u00a0Xerox\u00a0B1022 \/ B1025<\/strong><br \/>\nPrin intermediul conectivit\u0103\u021bii wireless op\u021bionale ve\u021bi beneficia de libertatea mobilit\u0103\u021bii nelimitate. Asistentul de instalare Wi-Fi \u0219i Wi-Fi Print Setup (WPS) securizeaz\u0103 \u0219i simplific\u0103 procesul de conectare.<\/p>\n<p><strong>ACCES RAPID LA FUNC\u021aIILE ECHIPAMENTULUI<\/strong><br \/>\nInterfa\u021ba interactiv\u0103 cu ecran senzorial a imprimantei multifunc\u021bionale Xerox B1025 asigur\u0103 utilizarea simpl\u0103 \u0219i intuitiv\u0103 a fiec\u0103rei func\u021bii.<\/p>\n","protected":false},"excerpt":{"rendered":"<p><strong>Xerox B1022 \/ B1025 &#8211; imprimant\u0103 multifunc\u0163ional\u0103 alb-negru, copiere, imprimare, scanare, format A4.\u00a0<\/strong><\/p>\n<p>\u2022 Format A3<br \/>\n\u2022 P\u00e2n\u0103 la 25 pagini A4 \/ minut<br \/>\n\u2022 Volum mediu lunar recomandat: p\u00e2n\u0103 la 2000 pagini<\/p>\n<p><strong>Avantaje competitive<\/strong><\/p>\n<p>\u2022 Interfa\u021ba cu utilizatorul cu ecran senzorial color de 4,3 inch (B1025);<br \/>\n\u2022 Print\/scan prin port USB frontal; Wi-Fi op\u021bional cu adaptor USB wireless;<br \/>\n\u2022 Scanare de mare vitez\u0103 mono\/color: p\u00e2n\u0103 la 30 ipm;<br \/>\n\u2022 Rezolu\u021bie de imprimare \u00eembun\u0103t\u0103\u021bit\u0103, de p\u00e2n\u0103 la 1200 dpi;<br \/>\n\u2022 Limbaje de imprimare standard: PCL 6 \u0219i Post Script.<br \/>\n\u2022 Imprimare de pe dispozitive mobile<\/p>\n","protected":false},"featured_media":4345,"template":"","meta":[],"product_cat":[15,115],"product_tag":[],"yoast_head":"<!-- This site is optimized with the Yoast SEO plugin v20.3 - https:\/\/yoast.com\/wordpress\/plugins\/seo\/ -->\n<title>Imprimant\u0103 multifunc\u0163ional\u0103 Xerox B1025VU - Roxer Grup<\/title>\n<meta name=\"robots\" content=\"noindex, follow, max-snippet:-1, max-image-preview:large, max-video-preview:-1\" \/>\n<meta property=\"og:locale\" content=\"ro_RO\" \/>\n<meta property=\"og:type\" content=\"article\" \/>\n<meta property=\"og:title\" content=\"Imprimant\u0103 multifunc\u0163ional\u0103 Xerox B1025VU - Roxer Grup\" \/>\n<meta property=\"og:description\" content=\"Xerox B1022 \/ B1025 - imprimant\u0103 multifunc\u0163ional\u0103 alb-negru, copiere, imprimare, scanare, format A4.\u00a0  \u2022 Format A3 \u2022 P\u00e2n\u0103 la 25 pagini A4 \/ minut \u2022 Volum mediu lunar recomandat: p\u00e2n\u0103 la 2000 pagini  Avantaje competitive  \u2022 Interfa\u021ba cu utilizatorul cu ecran senzorial color de 4,3 inch (B1025); \u2022 Print\/scan prin port USB frontal; Wi-Fi op\u021bional cu adaptor USB wireless; \u2022 Scanare de mare vitez\u0103 mono\/color: p\u00e2n\u0103 la 30 ipm; \u2022 Rezolu\u021bie de imprimare \u00eembun\u0103t\u0103\u021bit\u0103, de p\u00e2n\u0103 la 1200 dpi; \u2022 Limbaje de imprimare standard: PCL 6 \u0219i Post Script. \u2022 Imprimare de pe dispozitive mobile\" \/>\n<meta property=\"og:url\" content=\"https:\/\/www.roxer.ro\/dev\/echipament\/imprimanta-multifunctionala-xerox-b1025vu\" \/>\n<meta property=\"og:site_name\" content=\"Roxer Grup\" \/>\n<meta property=\"article:modified_time\" content=\"2020-11-20T14:54:11+00:00\" \/>\n<meta property=\"og:image\" content=\"https:\/\/www.roxer.ro\/dev\/wp-content\/uploads\/2020\/07\/XEROX-B1025VU.jpg\" \/>\n\t<meta property=\"og:image:width\" content=\"1500\" \/>\n\t<meta property=\"og:image:height\" content=\"1200\" \/>\n\t<meta property=\"og:image:type\" content=\"image\/jpeg\" \/>\n<meta name=\"twitter:card\" content=\"summary_large_image\" \/>\n<meta name=\"twitter:label1\" content=\"Timp estimat pentru citire\" \/>\n\t<meta name=\"twitter:data1\" content=\"2 minute\" \/>\n<script type=\"application\/ld+json\" class=\"yoast-schema-graph\">{\"@context\":\"https:\/\/schema.org\",\"@graph\":[{\"@type\":\"WebPage\",\"@id\":\"https:\/\/www.roxer.ro\/dev\/echipament\/imprimanta-multifunctionala-xerox-b1025vu\",\"url\":\"https:\/\/www.roxer.ro\/dev\/echipament\/imprimanta-multifunctionala-xerox-b1025vu\",\"name\":\"Imprimant\u0103 multifunc\u0163ional\u0103 Xerox B1025VU - Roxer Grup\",\"isPartOf\":{\"@id\":\"https:\/\/www.roxer.ro\/dev\/#website\"},\"datePublished\":\"2020-07-26T05:08:11+00:00\",\"dateModified\":\"2020-11-20T14:54:11+00:00\",\"breadcrumb\":{\"@id\":\"https:\/\/www.roxer.ro\/dev\/echipament\/imprimanta-multifunctionala-xerox-b1025vu#breadcrumb\"},\"inLanguage\":\"ro-RO\",\"potentialAction\":[{\"@type\":\"ReadAction\",\"target\":[\"https:\/\/www.roxer.ro\/dev\/echipament\/imprimanta-multifunctionala-xerox-b1025vu\"]}]},{\"@type\":\"BreadcrumbList\",\"@id\":\"https:\/\/www.roxer.ro\/dev\/echipament\/imprimanta-multifunctionala-xerox-b1025vu#breadcrumb\",\"itemListElement\":[{\"@type\":\"ListItem\",\"position\":1,\"name\":\"Prima pagin\u0103\",\"item\":\"https:\/\/www.roxer.ro\/dev\/\"},{\"@type\":\"ListItem\",\"position\":2,\"name\":\"Echipamente\",\"item\":\"https:\/\/www.roxer.ro\/dev\/echipamente\"},{\"@type\":\"ListItem\",\"position\":3,\"name\":\"Imprimant\u0103 multifunc\u0163ional\u0103 Xerox B1025VU\"}]},{\"@type\":\"WebSite\",\"@id\":\"https:\/\/www.roxer.ro\/dev\/#website\",\"url\":\"https:\/\/www.roxer.ro\/dev\/\",\"name\":\"Roxer Grup\",\"description\":\"Xerox Cluj Napoca, Distribuitor Xerox Cluj, distribuitor Xerox S\u0103laj, distribuitor Xerox Bihor, distribuitor Xerox Maramure\u015f, distribuitor Xerox Bistri\u0163a N\u0103s\u0103ud, distribuitor Xerox Satu Mare\",\"publisher\":{\"@id\":\"https:\/\/www.roxer.ro\/dev\/#organization\"},\"potentialAction\":[{\"@type\":\"SearchAction\",\"target\":{\"@type\":\"EntryPoint\",\"urlTemplate\":\"https:\/\/www.roxer.ro\/dev\/?s={search_term_string}\"},\"query-input\":\"required name=search_term_string\"}],\"inLanguage\":\"ro-RO\"},{\"@type\":\"Organization\",\"@id\":\"https:\/\/www.roxer.ro\/dev\/#organization\",\"name\":\"Roxer Grup\",\"url\":\"https:\/\/www.roxer.ro\/dev\/\",\"logo\":{\"@type\":\"ImageObject\",\"inLanguage\":\"ro-RO\",\"@id\":\"https:\/\/www.roxer.ro\/dev\/#\/schema\/logo\/image\/\",\"url\":\"https:\/\/www.roxer.ro\/dev\/wp-content\/uploads\/2023\/05\/logo-roxer-1-e1684141209248.png\",\"contentUrl\":\"https:\/\/www.roxer.ro\/dev\/wp-content\/uploads\/2023\/05\/logo-roxer-1-e1684141209248.png\",\"width\":160,\"height\":57,\"caption\":\"Roxer Grup\"},\"image\":{\"@id\":\"https:\/\/www.roxer.ro\/dev\/#\/schema\/logo\/image\/\"}}]}<\/script>\n<!-- \/ Yoast SEO plugin. -->","yoast_head_json":{"title":"Imprimant\u0103 multifunc\u0163ional\u0103 Xerox B1025VU - Roxer Grup","robots":{"index":"noindex","follow":"follow","max-snippet":"max-snippet:-1","max-image-preview":"max-image-preview:large","max-video-preview":"max-video-preview:-1"},"og_locale":"ro_RO","og_type":"article","og_title":"Imprimant\u0103 multifunc\u0163ional\u0103 Xerox B1025VU - Roxer Grup","og_description":"Xerox B1022 \/ B1025 - imprimant\u0103 multifunc\u0163ional\u0103 alb-negru, copiere, imprimare, scanare, format A4.\u00a0  \u2022 Format A3 \u2022 P\u00e2n\u0103 la 25 pagini A4 \/ minut \u2022 Volum mediu lunar recomandat: p\u00e2n\u0103 la 2000 pagini  Avantaje competitive  \u2022 Interfa\u021ba cu utilizatorul cu ecran senzorial color de 4,3 inch (B1025); \u2022 Print\/scan prin port USB frontal; Wi-Fi op\u021bional cu adaptor USB wireless; \u2022 Scanare de mare vitez\u0103 mono\/color: p\u00e2n\u0103 la 30 ipm; \u2022 Rezolu\u021bie de imprimare \u00eembun\u0103t\u0103\u021bit\u0103, de p\u00e2n\u0103 la 1200 dpi; \u2022 Limbaje de imprimare standard: PCL 6 \u0219i Post Script. \u2022 Imprimare de pe dispozitive mobile","og_url":"https:\/\/www.roxer.ro\/dev\/echipament\/imprimanta-multifunctionala-xerox-b1025vu","og_site_name":"Roxer Grup","article_modified_time":"2020-11-20T14:54:11+00:00","og_image":[{"width":1500,"height":1200,"url":"https:\/\/www.roxer.ro\/dev\/wp-content\/uploads\/2020\/07\/XEROX-B1025VU.jpg","type":"image\/jpeg"}],"twitter_card":"summary_large_image","twitter_misc":{"Timp estimat pentru citire":"2 minute"},"schema":{"@context":"https:\/\/schema.org","@graph":[{"@type":"WebPage","@id":"https:\/\/www.roxer.ro\/dev\/echipament\/imprimanta-multifunctionala-xerox-b1025vu","url":"https:\/\/www.roxer.ro\/dev\/echipament\/imprimanta-multifunctionala-xerox-b1025vu","name":"Imprimant\u0103 multifunc\u0163ional\u0103 Xerox B1025VU - Roxer Grup","isPartOf":{"@id":"https:\/\/www.roxer.ro\/dev\/#website"},"datePublished":"2020-07-26T05:08:11+00:00","dateModified":"2020-11-20T14:54:11+00:00","breadcrumb":{"@id":"https:\/\/www.roxer.ro\/dev\/echipament\/imprimanta-multifunctionala-xerox-b1025vu#breadcrumb"},"inLanguage":"ro-RO","potentialAction":[{"@type":"ReadAction","target":["https:\/\/www.roxer.ro\/dev\/echipament\/imprimanta-multifunctionala-xerox-b1025vu"]}]},{"@type":"BreadcrumbList","@id":"https:\/\/www.roxer.ro\/dev\/echipament\/imprimanta-multifunctionala-xerox-b1025vu#breadcrumb","itemListElement":[{"@type":"ListItem","position":1,"name":"Prima pagin\u0103","item":"https:\/\/www.roxer.ro\/dev\/"},{"@type":"ListItem","position":2,"name":"Echipamente","item":"https:\/\/www.roxer.ro\/dev\/echipamente"},{"@type":"ListItem","position":3,"name":"Imprimant\u0103 multifunc\u0163ional\u0103 Xerox B1025VU"}]},{"@type":"WebSite","@id":"https:\/\/www.roxer.ro\/dev\/#website","url":"https:\/\/www.roxer.ro\/dev\/","name":"Roxer Grup","description":"Xerox Cluj Napoca, Distribuitor Xerox Cluj, distribuitor Xerox S\u0103laj, distribuitor Xerox Bihor, distribuitor Xerox Maramure\u015f, distribuitor Xerox Bistri\u0163a N\u0103s\u0103ud, distribuitor Xerox Satu Mare","publisher":{"@id":"https:\/\/www.roxer.ro\/dev\/#organization"},"potentialAction":[{"@type":"SearchAction","target":{"@type":"EntryPoint","urlTemplate":"https:\/\/www.roxer.ro\/dev\/?s={search_term_string}"},"query-input":"required name=search_term_string"}],"inLanguage":"ro-RO"},{"@type":"Organization","@id":"https:\/\/www.roxer.ro\/dev\/#organization","name":"Roxer Grup","url":"https:\/\/www.roxer.ro\/dev\/","logo":{"@type":"ImageObject","inLanguage":"ro-RO","@id":"https:\/\/www.roxer.ro\/dev\/#\/schema\/logo\/image\/","url":"https:\/\/www.roxer.ro\/dev\/wp-content\/uploads\/2023\/05\/logo-roxer-1-e1684141209248.png","contentUrl":"https:\/\/www.roxer.ro\/dev\/wp-content\/uploads\/2023\/05\/logo-roxer-1-e1684141209248.png","width":160,"height":57,"caption":"Roxer Grup"},"image":{"@id":"https:\/\/www.roxer.ro\/dev\/#\/schema\/logo\/image\/"}}]}},"_links":{"self":[{"href":"https:\/\/www.roxer.ro\/dev\/wp-json\/wp\/v2\/product\/4343"}],"collection":[{"href":"https:\/\/www.roxer.ro\/dev\/wp-json\/wp\/v2\/product"}],"about":[{"href":"https:\/\/www.roxer.ro\/dev\/wp-json\/wp\/v2\/types\/product"}],"wp:featuredmedia":[{"embeddable":true,"href":"https:\/\/www.roxer.ro\/dev\/wp-json\/wp\/v2\/media\/4345"}],"wp:attachment":[{"href":"https:\/\/www.roxer.ro\/dev\/wp-json\/wp\/v2\/media?parent=4343"}],"wp:term":[{"taxonomy":"product_cat","embeddable":true,"href":"https:\/\/www.roxer.ro\/dev\/wp-json\/wp\/v2\/product_cat?post=4343"},{"taxonomy":"product_tag","embeddable":true,"href":"https:\/\/www.roxer.ro\/dev\/wp-json\/wp\/v2\/product_tag?post=4343"}],"curies":[{"name":"wp","href":"https:\/\/api.w.org\/{rel}","templated":true}]}}