{"id":4576,"date":"2020-08-05T05:34:00","date_gmt":"2020-08-05T05:34:00","guid":{"rendered":"https:\/\/firstdesign.ro\/roxer\/?post_type=product&#038;p=4576"},"modified":"2020-11-26T16:09:17","modified_gmt":"2020-11-26T16:09:17","slug":"xerox-d95-d110-d125-copier-printer-scanner","status":"publish","type":"product","link":"https:\/\/www.roxer.ro\/dev\/echipament\/xerox-d95-d110-d125-copier-printer-scanner","title":{"rendered":"Xerox D95\/D110\/D125 \u2013 Copier\/Printer\/Scanner"},"content":{"rendered":"<div class=\"box-collateral box-description\">\n<div class=\"focus_desc\">\n<p>&nbsp;<\/p>\n<\/div>\n<\/div>\n<div class=\"box-collateral box-additional\">\n<table id=\"product-attribute-specs-table\" class=\"data-table\">\n<colgroup>\n<col width=\"25%\" \/>\n<col \/><\/colgroup>\n<tbody>\n<tr>\n<th class=\"label\" colspan=\"2\">Motor Imprimare<\/th>\n<\/tr>\n<tr>\n<td class=\"data\" colspan=\"2\">Motor Imprimare: Motor xerografic alb-negruViteze de imprimare:<br \/>\n\u2022 95\/110\/125 ppm \u2013 A4<br \/>\n\u2022 56\/69\/78 ppm \u2013 B4<br \/>\n\u2022 50\/55\/62 ppm \u2013 A3<br \/>\n\u2022 34\/34\/34 ppm \u2013 SRA3Imprimarea primei copii: 3 secunde<br \/>\nImprimare: simple sau duplex<br \/>\nRezolu\u021bie maxim\u0103 de procesare: 1200\u00d71200 dpi<br \/>\nRezolu\u021bie maxim\u0103 de imprimare: 2400\u00d72400 dpi<br \/>\nScreening: 106 lpi(implicit)<br \/>\nScreening: 150 lpi(calitate superioar\u0103)<br \/>\nRegistra\u021bie fa\u021b\u0103-verso +\/- 0.7 mm<br \/>\nSuport\u0103 Automatic Meter Read (AMR)Unitate hard disk:<br \/>\n\u2022 80 GB<br \/>\n\u2022 mai mult cu 14.6 GB pentru stocarea documentelor<\/td>\n<\/tr>\n<tr>\n<td><\/td>\n<\/tr>\n<tr>\n<th class=\"label\" colspan=\"2\">Cerinte Electrice<\/th>\n<\/tr>\n<tr>\n<td class=\"data\" colspan=\"2\">Motor de imprimare:<br \/>\n\u2022 208 \u2013 240 VAC, 60\/50 Hz, 15\/13 amp service<br \/>\n\u2022 Consum maxim de curent electric 2.8-3.1KVA<br \/>\n\u2022 Certificara agen\u021biei ENERGY STAR, CSA<br \/>\n\u2022 Europa: CE, NEMKO, conformitate WEEESolu\u021bii de finisare\/alimentare op\u021bionale:<br \/>\n\u2022 Fiecare modul necesit\u0103 100-240VAC, 60\/50HZ<\/td>\n<\/tr>\n<tr>\n<td><\/td>\n<\/tr>\n<tr>\n<th class=\"label\" colspan=\"2\">Hartie<\/th>\n<\/tr>\n<tr>\n<td class=\"data\" colspan=\"2\">Capacitate de alimentare \u0219i grosimi acceptate:<br \/>\n\u2022 Tava 1 \u2013 1100 coli \u2013 A4<br \/>\n\u2022 Tava 2 \u2013 1600 coli \u2013 A4<br \/>\n\u2022 T\u0103vile 3 \u0219i 4 \u2013 550 coli \u2013 140 x 182 mm(A5), 330 x 488 mm(SRA3)<br \/>\n\u2022 Tava 5 manual\u0103 \u2013 250 coli \u2013 102 x 152mm \u2013 330 x 488 mm, 52 gsm-253 gsmDispozitiv de alimentare de mare capacitate op\u021bional:<br \/>\n\u2022 2 t\u0103vi<br \/>\n\u2022 2000 coli fiecare \u2013 A4<br \/>\n\u2022 52 \u2013 216 gsmDispozitive de alimentare supradimensionate op\u021bionale:<br \/>\n\u2022 1 sau 2 t\u0103vi<br \/>\n\u2022 2000 coli per tav\u0103 \u2013 B5 \u2013 SRA3<br \/>\n\u2022 64 \u2013 253 gsm<br \/>\nH\u00e2rtie cretat\u0103<\/td>\n<\/tr>\n<tr>\n<td><\/td>\n<\/tr>\n<tr>\n<th class=\"label\" colspan=\"2\">Finisare<\/th>\n<\/tr>\n<tr>\n<td class=\"data\" colspan=\"2\">Dispozitiv de finisare standard Plus:<br \/>\n\u2022 Capacitate stivuitor de 2000 coli (80gsm)Func\u021bii de finisare cu solu\u021bii adi\u021bionale:<br \/>\n\u2022 GBC eBinder 200<br \/>\n\u2022 Xerox Tape Binder<\/td>\n<\/tr>\n<tr>\n<td><\/td>\n<\/tr>\n<tr>\n<th class=\"label\" colspan=\"2\">Dispozitiv de pliere<\/th>\n<\/tr>\n<tr>\n<td class=\"data\" colspan=\"2\">Dispozitiv de pliere op\u021bional:<br \/>\n\u2022 Pliere \u00een C \u0219i Z (A4)<br \/>\n\u2022 Imprimarea h\u00e2rtiei pliate pe interior \u0219i exterior<br \/>\n\u2022 Pliaza A3 \u00een Z pentru inserare \u00een seturi de documente A4<br \/>\n\u2022 Dispozitiv de finisare standard<br \/>\n\u2022 Dispozitiv de finisare cu modul de capsare tip caiet<br \/>\n\u2022 Dispozitiv de finisare Plus<\/td>\n<\/tr>\n<tr>\n<td><\/td>\n<\/tr>\n<tr>\n<th class=\"label\" colspan=\"2\">Scanner<\/th>\n<\/tr>\n<tr>\n<td class=\"data\" colspan=\"2\">Scanner:<br \/>\n\u2022 cu 2 capete de scanare<br \/>\n\u2022 Vitez\u0103 de scanare<br \/>\n\u2022 200 ipm alb-negru<br \/>\n\u2022 simplex\/duplexRezolu\u021bie de scanare optica:<br \/>\n\u2022 600 x 600 dpi<br \/>\n\u2022 8-biti<br \/>\n\u2022 256 nuan\u021be de griFormate fi\u0219ier acceptate:<br \/>\n\u2022 PDF,JPEG,TIFF, Sau TIFF cu mai multe pagini<br \/>\n\u2022 Suporta LDAPScanare c\u0103tre:<br \/>\n\u2022 email plus notificare<br \/>\n\u2022 server de re\u021beaDispozitiv de alimentare automat:<br \/>\n\u2022 Fa\u021b\u0103\/verso<br \/>\n\u2022 Capacitate de 250 coli<\/p>\n<p>Dimensiuni acceptate: A5-A3<br \/>\nGrosimi acceptate:<br \/>\n\u2022 Simplex<br \/>\n\u2022 Duplex<br \/>\n\u2022 52-200 gsm<\/p>\n<p>Kit de scanare: PDF op\u021bional<\/td>\n<\/tr>\n<tr>\n<td><\/td>\n<\/tr>\n<tr>\n<th class=\"label\" colspan=\"2\">Server Imprimare<\/th>\n<\/tr>\n<tr>\n<td class=\"data\" colspan=\"2\">Specifica\u021bii hardware:<br \/>\n\u2022 Unitate hard disk 80GB, 2GB RAM<br \/>\n\u2022 Monitor cu ecran plat, tactil, color, 10.4 in.<br \/>\n\u2022 Interfa\u021ba Ethernet(10MBTX\/sec \u0219i 100MBTX\/sec)Server de imprimare Xerox: FreeFlow op\u021bional<br \/>\nServer de imprimare Xerox: EX Op\u021bional, dezvoltat pe baza tehnologiei Fiery<\/td>\n<\/tr>\n<tr>\n<td><\/td>\n<\/tr>\n<tr>\n<th class=\"label\" colspan=\"2\">Modul Brosare<\/th>\n<\/tr>\n<tr>\n<td class=\"data\" colspan=\"2\">Modul bro\u0219are:<br \/>\n\u2022 Plockmatic Pro30 cu RCT<br \/>\n\u2022 Legare tip caiet \u0219i pliere 2-30 coli<br \/>\n\u2022 Bro\u0219uri de maxim 120 pagini (80gsm)<br \/>\n\u2022 Plierea unei singure coli<\/td>\n<\/tr>\n<tr>\n<td><\/td>\n<\/tr>\n<tr>\n<th class=\"label\" colspan=\"2\">Alte optiuni<\/th>\n<\/tr>\n<tr>\n<td class=\"data\" colspan=\"2\">Imprimare securizat\u0103 standard(autentificare prin):<br \/>\n\u2022 LDAP\/Kerberos\/SMB\/CAC<br \/>\n\u2022 PDF cu parol\u0103 de acces<br \/>\n\u2022 Criptare FIPS 140-2<br \/>\n\u2022 Email criptat C\/MIME<br \/>\n\u2022 IPsec, 802.1X, SNMP v3.0<br \/>\n\u2022 Email prin SSL<br \/>\n\u2022 Suprascriere imagini(3x sau 1x imediat cu programare)<br \/>\n\u2022 Jurnal audit<br \/>\n\u2022 Op\u021bional CAC<br \/>\n\u2022 Secure Access Un ified ID System<br \/>\n\u2022 IPv6 ReadyCriptare la 256 bi\u021biCertificare cf. Criteriilor Comune<\/td>\n<\/tr>\n<tr>\n<td><\/td>\n<\/tr>\n<\/tbody>\n<\/table>\n<\/div>\n<p><strong>Acest echipament poate fi achizi\u0163ionat \u015fi \u00een rate. Pentru detalii<a href=\"https:\/\/www.roxer.ro\/contact\/\" target=\"_blank\" rel=\"noopener noreferrer\">\u00a0contacteaz\u0103-ne<\/a>.<\/strong><\/p>\n","protected":false},"excerpt":{"rendered":"<div class=\"box-collateral box-description\">\n<div class=\"focus_desc\">\n<p><strong>Echipamentul nu mai face parte din oferta actual\u0103 Roxer \u015fi este \u00eenlocuit cu Presa digital\u0103 <\/strong><a href=\"https:\/\/www.roxer.ro\/produs\/xerox-primelink-b9100-puterea-black-white-echipamente-de-productie\/\" target=\"_blank\" rel=\"noopener noreferrer\"><strong>Xerox PrimeLink B9100.<\/strong><\/a><\/p>\n<p>Xerox D95\/D110\/D125 Copier\/Printer<br \/>\nImprimare eficient\u0103, costuri reduse \u0219i clien\u021bi mul\u021bumi\u021bi.<\/p>\n<p>Special creat pentru medii de lucru cu volume de imprimare mari, precum centrele de imprimare \u015fi departamentele reprografice centralizate, dar \u015fi domenii precum educa\u0163ia, s\u0103n\u0103tatea, echipamentul Xerox D95\/D110\/D125 a fost proiectat lu\u00e2nd \u00een calcul trei aspecte fundamentale: cre\u0219terea productivit\u0103\u021bii, reducerea costurilor \u015fi dep\u0103\u015firea a\u015ftept\u0103rilor clien\u0163ilor.<\/p>\n<p>Pute\u0163i avea deplin\u0103 incredere in performan\u0163a, fiabilitatea \u015fi operabilitatea sa, dar \u015fi in op\u0163iunile de finisare flexibile,ultra-moderne \u015fi solu\u0163iile integrate pentru optimizarea fluxurilor de lucru. Xerox D95\/D110\/D125 contribuie la dezvoltarea afacerii dumneavoastr\u0103 tocmai prin faptul c\u0103 v\u0103 ofer\u0103 libertatea de a v\u0103 concentra asupra esen\u0163ialului: excelen\u0163a lucr\u0103rilor realizate cu vitez\u0103 \u015fi costuri rezonabile.<\/p>\n<\/div>\n<\/div>\n","protected":false},"featured_media":4577,"template":"","meta":[],"product_cat":[121,120],"product_tag":[299],"yoast_head":"<!-- This site is optimized with the Yoast SEO plugin v20.3 - https:\/\/yoast.com\/wordpress\/plugins\/seo\/ -->\n<title>Xerox D95\/D110\/D125 \u2013 Copier\/Printer\/Scanner - Roxer Grup<\/title>\n<meta name=\"robots\" content=\"noindex, follow, max-snippet:-1, max-image-preview:large, max-video-preview:-1\" \/>\n<meta property=\"og:locale\" content=\"ro_RO\" \/>\n<meta property=\"og:type\" content=\"article\" \/>\n<meta property=\"og:title\" content=\"Xerox D95\/D110\/D125 \u2013 Copier\/Printer\/Scanner - Roxer Grup\" \/>\n<meta property=\"og:description\" content=\"Echipamentul nu mai face parte din oferta actual\u0103 Roxer \u015fi este \u00eenlocuit cu Presa digital\u0103 Xerox PrimeLink B9100.  Xerox D95\/D110\/D125 Copier\/Printer Imprimare eficient\u0103, costuri reduse \u0219i clien\u021bi mul\u021bumi\u021bi.  Special creat pentru medii de lucru cu volume de imprimare mari, precum centrele de imprimare \u015fi departamentele reprografice centralizate, dar \u015fi domenii precum educa\u0163ia, s\u0103n\u0103tatea, echipamentul Xerox D95\/D110\/D125 a fost proiectat lu\u00e2nd \u00een calcul trei aspecte fundamentale: cre\u0219terea productivit\u0103\u021bii, reducerea costurilor \u015fi dep\u0103\u015firea a\u015ftept\u0103rilor clien\u0163ilor.  Pute\u0163i avea deplin\u0103 incredere in performan\u0163a, fiabilitatea \u015fi operabilitatea sa, dar \u015fi in op\u0163iunile de finisare flexibile,ultra-moderne \u015fi solu\u0163iile integrate pentru optimizarea fluxurilor de lucru. Xerox D95\/D110\/D125 contribuie la dezvoltarea afacerii dumneavoastr\u0103 tocmai prin faptul c\u0103 v\u0103 ofer\u0103 libertatea de a v\u0103 concentra asupra esen\u0163ialului: excelen\u0163a lucr\u0103rilor realizate cu vitez\u0103 \u015fi costuri rezonabile.\" \/>\n<meta property=\"og:url\" content=\"https:\/\/www.roxer.ro\/dev\/echipament\/xerox-d95-d110-d125-copier-printer-scanner\" \/>\n<meta property=\"og:site_name\" content=\"Roxer Grup\" \/>\n<meta property=\"article:modified_time\" content=\"2020-11-26T16:09:17+00:00\" \/>\n<meta property=\"og:image\" content=\"https:\/\/www.roxer.ro\/dev\/wp-content\/uploads\/2020\/08\/xerox_d95_s110_d125_cp.png\" \/>\n\t<meta property=\"og:image:width\" content=\"250\" \/>\n\t<meta property=\"og:image:height\" content=\"250\" \/>\n\t<meta property=\"og:image:type\" content=\"image\/png\" \/>\n<meta name=\"twitter:card\" content=\"summary_large_image\" \/>\n<meta name=\"twitter:label1\" content=\"Timp estimat pentru citire\" \/>\n\t<meta name=\"twitter:data1\" content=\"2 minute\" \/>\n<script type=\"application\/ld+json\" class=\"yoast-schema-graph\">{\"@context\":\"https:\/\/schema.org\",\"@graph\":[{\"@type\":\"WebPage\",\"@id\":\"https:\/\/www.roxer.ro\/dev\/echipament\/xerox-d95-d110-d125-copier-printer-scanner\",\"url\":\"https:\/\/www.roxer.ro\/dev\/echipament\/xerox-d95-d110-d125-copier-printer-scanner\",\"name\":\"Xerox D95\/D110\/D125 \u2013 Copier\/Printer\/Scanner - Roxer Grup\",\"isPartOf\":{\"@id\":\"https:\/\/www.roxer.ro\/dev\/#website\"},\"datePublished\":\"2020-08-05T05:34:00+00:00\",\"dateModified\":\"2020-11-26T16:09:17+00:00\",\"breadcrumb\":{\"@id\":\"https:\/\/www.roxer.ro\/dev\/echipament\/xerox-d95-d110-d125-copier-printer-scanner#breadcrumb\"},\"inLanguage\":\"ro-RO\",\"potentialAction\":[{\"@type\":\"ReadAction\",\"target\":[\"https:\/\/www.roxer.ro\/dev\/echipament\/xerox-d95-d110-d125-copier-printer-scanner\"]}]},{\"@type\":\"BreadcrumbList\",\"@id\":\"https:\/\/www.roxer.ro\/dev\/echipament\/xerox-d95-d110-d125-copier-printer-scanner#breadcrumb\",\"itemListElement\":[{\"@type\":\"ListItem\",\"position\":1,\"name\":\"Prima pagin\u0103\",\"item\":\"https:\/\/www.roxer.ro\/dev\/\"},{\"@type\":\"ListItem\",\"position\":2,\"name\":\"Echipamente\",\"item\":\"https:\/\/www.roxer.ro\/dev\/echipamente\"},{\"@type\":\"ListItem\",\"position\":3,\"name\":\"Xerox D95\/D110\/D125 \u2013 Copier\/Printer\/Scanner\"}]},{\"@type\":\"WebSite\",\"@id\":\"https:\/\/www.roxer.ro\/dev\/#website\",\"url\":\"https:\/\/www.roxer.ro\/dev\/\",\"name\":\"Roxer Grup\",\"description\":\"Xerox Cluj Napoca, Distribuitor Xerox Cluj, distribuitor Xerox S\u0103laj, distribuitor Xerox Bihor, distribuitor Xerox Maramure\u015f, distribuitor Xerox Bistri\u0163a N\u0103s\u0103ud, distribuitor Xerox Satu Mare\",\"publisher\":{\"@id\":\"https:\/\/www.roxer.ro\/dev\/#organization\"},\"potentialAction\":[{\"@type\":\"SearchAction\",\"target\":{\"@type\":\"EntryPoint\",\"urlTemplate\":\"https:\/\/www.roxer.ro\/dev\/?s={search_term_string}\"},\"query-input\":\"required name=search_term_string\"}],\"inLanguage\":\"ro-RO\"},{\"@type\":\"Organization\",\"@id\":\"https:\/\/www.roxer.ro\/dev\/#organization\",\"name\":\"Roxer Grup\",\"url\":\"https:\/\/www.roxer.ro\/dev\/\",\"logo\":{\"@type\":\"ImageObject\",\"inLanguage\":\"ro-RO\",\"@id\":\"https:\/\/www.roxer.ro\/dev\/#\/schema\/logo\/image\/\",\"url\":\"https:\/\/www.roxer.ro\/dev\/wp-content\/uploads\/2023\/05\/logo-roxer-1-e1684141209248.png\",\"contentUrl\":\"https:\/\/www.roxer.ro\/dev\/wp-content\/uploads\/2023\/05\/logo-roxer-1-e1684141209248.png\",\"width\":160,\"height\":57,\"caption\":\"Roxer Grup\"},\"image\":{\"@id\":\"https:\/\/www.roxer.ro\/dev\/#\/schema\/logo\/image\/\"}}]}<\/script>\n<!-- \/ Yoast SEO plugin. -->","yoast_head_json":{"title":"Xerox D95\/D110\/D125 \u2013 Copier\/Printer\/Scanner - Roxer Grup","robots":{"index":"noindex","follow":"follow","max-snippet":"max-snippet:-1","max-image-preview":"max-image-preview:large","max-video-preview":"max-video-preview:-1"},"og_locale":"ro_RO","og_type":"article","og_title":"Xerox D95\/D110\/D125 \u2013 Copier\/Printer\/Scanner - Roxer Grup","og_description":"Echipamentul nu mai face parte din oferta actual\u0103 Roxer \u015fi este \u00eenlocuit cu Presa digital\u0103 Xerox PrimeLink B9100.  Xerox D95\/D110\/D125 Copier\/Printer Imprimare eficient\u0103, costuri reduse \u0219i clien\u021bi mul\u021bumi\u021bi.  Special creat pentru medii de lucru cu volume de imprimare mari, precum centrele de imprimare \u015fi departamentele reprografice centralizate, dar \u015fi domenii precum educa\u0163ia, s\u0103n\u0103tatea, echipamentul Xerox D95\/D110\/D125 a fost proiectat lu\u00e2nd \u00een calcul trei aspecte fundamentale: cre\u0219terea productivit\u0103\u021bii, reducerea costurilor \u015fi dep\u0103\u015firea a\u015ftept\u0103rilor clien\u0163ilor.  Pute\u0163i avea deplin\u0103 incredere in performan\u0163a, fiabilitatea \u015fi operabilitatea sa, dar \u015fi in op\u0163iunile de finisare flexibile,ultra-moderne \u015fi solu\u0163iile integrate pentru optimizarea fluxurilor de lucru. Xerox D95\/D110\/D125 contribuie la dezvoltarea afacerii dumneavoastr\u0103 tocmai prin faptul c\u0103 v\u0103 ofer\u0103 libertatea de a v\u0103 concentra asupra esen\u0163ialului: excelen\u0163a lucr\u0103rilor realizate cu vitez\u0103 \u015fi costuri rezonabile.","og_url":"https:\/\/www.roxer.ro\/dev\/echipament\/xerox-d95-d110-d125-copier-printer-scanner","og_site_name":"Roxer Grup","article_modified_time":"2020-11-26T16:09:17+00:00","og_image":[{"width":250,"height":250,"url":"https:\/\/www.roxer.ro\/dev\/wp-content\/uploads\/2020\/08\/xerox_d95_s110_d125_cp.png","type":"image\/png"}],"twitter_card":"summary_large_image","twitter_misc":{"Timp estimat pentru citire":"2 minute"},"schema":{"@context":"https:\/\/schema.org","@graph":[{"@type":"WebPage","@id":"https:\/\/www.roxer.ro\/dev\/echipament\/xerox-d95-d110-d125-copier-printer-scanner","url":"https:\/\/www.roxer.ro\/dev\/echipament\/xerox-d95-d110-d125-copier-printer-scanner","name":"Xerox D95\/D110\/D125 \u2013 Copier\/Printer\/Scanner - Roxer Grup","isPartOf":{"@id":"https:\/\/www.roxer.ro\/dev\/#website"},"datePublished":"2020-08-05T05:34:00+00:00","dateModified":"2020-11-26T16:09:17+00:00","breadcrumb":{"@id":"https:\/\/www.roxer.ro\/dev\/echipament\/xerox-d95-d110-d125-copier-printer-scanner#breadcrumb"},"inLanguage":"ro-RO","potentialAction":[{"@type":"ReadAction","target":["https:\/\/www.roxer.ro\/dev\/echipament\/xerox-d95-d110-d125-copier-printer-scanner"]}]},{"@type":"BreadcrumbList","@id":"https:\/\/www.roxer.ro\/dev\/echipament\/xerox-d95-d110-d125-copier-printer-scanner#breadcrumb","itemListElement":[{"@type":"ListItem","position":1,"name":"Prima pagin\u0103","item":"https:\/\/www.roxer.ro\/dev\/"},{"@type":"ListItem","position":2,"name":"Echipamente","item":"https:\/\/www.roxer.ro\/dev\/echipamente"},{"@type":"ListItem","position":3,"name":"Xerox D95\/D110\/D125 \u2013 Copier\/Printer\/Scanner"}]},{"@type":"WebSite","@id":"https:\/\/www.roxer.ro\/dev\/#website","url":"https:\/\/www.roxer.ro\/dev\/","name":"Roxer Grup","description":"Xerox Cluj Napoca, Distribuitor Xerox Cluj, distribuitor Xerox S\u0103laj, distribuitor Xerox Bihor, distribuitor Xerox Maramure\u015f, distribuitor Xerox Bistri\u0163a N\u0103s\u0103ud, distribuitor Xerox Satu Mare","publisher":{"@id":"https:\/\/www.roxer.ro\/dev\/#organization"},"potentialAction":[{"@type":"SearchAction","target":{"@type":"EntryPoint","urlTemplate":"https:\/\/www.roxer.ro\/dev\/?s={search_term_string}"},"query-input":"required name=search_term_string"}],"inLanguage":"ro-RO"},{"@type":"Organization","@id":"https:\/\/www.roxer.ro\/dev\/#organization","name":"Roxer Grup","url":"https:\/\/www.roxer.ro\/dev\/","logo":{"@type":"ImageObject","inLanguage":"ro-RO","@id":"https:\/\/www.roxer.ro\/dev\/#\/schema\/logo\/image\/","url":"https:\/\/www.roxer.ro\/dev\/wp-content\/uploads\/2023\/05\/logo-roxer-1-e1684141209248.png","contentUrl":"https:\/\/www.roxer.ro\/dev\/wp-content\/uploads\/2023\/05\/logo-roxer-1-e1684141209248.png","width":160,"height":57,"caption":"Roxer Grup"},"image":{"@id":"https:\/\/www.roxer.ro\/dev\/#\/schema\/logo\/image\/"}}]}},"_links":{"self":[{"href":"https:\/\/www.roxer.ro\/dev\/wp-json\/wp\/v2\/product\/4576"}],"collection":[{"href":"https:\/\/www.roxer.ro\/dev\/wp-json\/wp\/v2\/product"}],"about":[{"href":"https:\/\/www.roxer.ro\/dev\/wp-json\/wp\/v2\/types\/product"}],"wp:featuredmedia":[{"embeddable":true,"href":"https:\/\/www.roxer.ro\/dev\/wp-json\/wp\/v2\/media\/4577"}],"wp:attachment":[{"href":"https:\/\/www.roxer.ro\/dev\/wp-json\/wp\/v2\/media?parent=4576"}],"wp:term":[{"taxonomy":"product_cat","embeddable":true,"href":"https:\/\/www.roxer.ro\/dev\/wp-json\/wp\/v2\/product_cat?post=4576"},{"taxonomy":"product_tag","embeddable":true,"href":"https:\/\/www.roxer.ro\/dev\/wp-json\/wp\/v2\/product_tag?post=4576"}],"curies":[{"name":"wp","href":"https:\/\/api.w.org\/{rel}","templated":true}]}}