{"id":4632,"date":"2020-08-05T10:33:56","date_gmt":"2020-08-05T10:33:56","guid":{"rendered":"https:\/\/firstdesign.ro\/roxer\/?post_type=product&#038;p=4632"},"modified":"2020-11-21T18:26:22","modified_gmt":"2020-11-21T18:26:22","slug":"xerox-phaser-6000b-imprimanta-a4-color","status":"publish","type":"product","link":"https:\/\/www.roxer.ro\/dev\/echipament\/xerox-phaser-6000b-imprimanta-a4-color","title":{"rendered":"Xerox Phaser 6000B \u2013 Imprimanta A4 color"},"content":{"rendered":"<div class=\"box-collateral box-description\">\n<div class=\"focus_desc\">\n<p>&nbsp;<\/p>\n<\/div>\n<\/div>\n<div class=\"box-collateral box-additional\">\n<table id=\"product-attribute-specs-table\" class=\"data-table\">\n<colgroup>\n<col width=\"25%\" \/>\n<col \/><\/colgroup>\n<tbody>\n<tr>\n<th class=\"label\" colspan=\"2\">Volum lunar maxim<\/th>\n<\/tr>\n<tr>\n<td class=\"data\" colspan=\"2\">30.000 pagini pe lun\u0103<\/td>\n<\/tr>\n<tr>\n<td><\/td>\n<\/tr>\n<tr>\n<th class=\"label\" colspan=\"2\">Imprimare fa\u0163\u0103-verso<\/th>\n<\/tr>\n<tr>\n<td class=\"data\" colspan=\"2\">Manual<\/td>\n<\/tr>\n<tr>\n<td><\/td>\n<\/tr>\n<tr>\n<th class=\"label\" colspan=\"2\">Imprimarea primei pagini<\/th>\n<\/tr>\n<tr>\n<td class=\"data\" colspan=\"2\">Color: 17 secunde<br \/>\nMono: 14 secunde<\/td>\n<\/tr>\n<tr>\n<td><\/td>\n<\/tr>\n<tr>\n<th class=\"label\" colspan=\"2\">Procesor<\/th>\n<\/tr>\n<tr>\n<td class=\"data\" colspan=\"2\">192 MHz<\/td>\n<\/tr>\n<tr>\n<td><\/td>\n<\/tr>\n<tr>\n<th class=\"label\" colspan=\"2\">Memorie standard\/maxim<\/th>\n<\/tr>\n<tr>\n<td class=\"data\" colspan=\"2\">64 MB\/64 MB<\/td>\n<\/tr>\n<tr>\n<td><\/td>\n<\/tr>\n<tr>\n<th class=\"label\" colspan=\"2\">Interfa\u0163\u0103<\/th>\n<\/tr>\n<tr>\n<td class=\"data\" colspan=\"2\">USB 2.0<\/td>\n<\/tr>\n<tr>\n<td><\/td>\n<\/tr>\n<tr>\n<th class=\"label\" colspan=\"2\">Limbaj de imprimare<\/th>\n<\/tr>\n<tr>\n<td class=\"data\" colspan=\"2\">* Filigran, imprimare tip bro\u0219ur\u0103, imprimare tip poster, N-up, dimensiuni h\u00e2rtie personalizate, mic\u0219orare\/m\u0103rire, link-uri asisten\u021b\u0103, imprimare doar cu toner negru, mod imprimare alb-negru, mod draft, cola\u021bionare, ignorarea paginilor goale<\/td>\n<\/tr>\n<tr>\n<td><\/td>\n<\/tr>\n<tr>\n<th class=\"label\" colspan=\"2\">Drivere de imprimare<\/th>\n<\/tr>\n<tr>\n<td class=\"data\" colspan=\"2\">* Sisteme de operare suportate: Windows\u00ae XP, Server 2003, Server 2008, Vista, 7; Mac O S\u00ae v 10.5 sau mai nou, Sun MicroSystems Solaris 10, Novell NetWare\u00ae 5.x\/6.x Open Enterprise Server (doar IP), Linux Red Hat Enterprise 4,Fedora Core 4, SUSE 10.x, 11.x<\/td>\n<\/tr>\n<tr>\n<td><\/td>\n<\/tr>\n<tr>\n<th class=\"label\" colspan=\"2\">Hartie<\/th>\n<\/tr>\n<tr>\n<td class=\"data\" colspan=\"2\">* Alimentare Tava principal\u0103: 150 coli<br \/>\n* Dimensiuni Tava principal\u0103: 76.2 x 127 mm \u2013 215.9 x 355.6 mm<br \/>\n* Tipuri de media h\u00e2rtie normala, h\u00e2rtie groas\u0103, h\u00e2rtie reciclat\u0103, h\u00e2rtie cretat\u0103, etichete, plicuri<br \/>\n* Capacitate maxim\u0103 150 coli<br \/>\n* Ie\u0219ire 150 coli<\/td>\n<\/tr>\n<tr>\n<td><\/td>\n<\/tr>\n<tr>\n<th class=\"label\" colspan=\"2\">Management de culoare<\/th>\n<\/tr>\n<tr>\n<td class=\"data\" colspan=\"2\">Simul\u0103ri aprobate PANTONE\u00ae<\/td>\n<\/tr>\n<tr>\n<td><\/td>\n<\/tr>\n<tr>\n<th class=\"label\" colspan=\"2\">Administrare echipament<\/th>\n<\/tr>\n<tr>\n<td class=\"data\" colspan=\"2\">PrintingScout\u00ae, aplica\u021bie pentru configurarea imprimantei<\/td>\n<\/tr>\n<tr>\n<td><\/td>\n<\/tr>\n<tr>\n<th class=\"label\" colspan=\"2\">Mediu de func\u021bionare<\/th>\n<\/tr>\n<tr>\n<td class=\"data\" colspan=\"2\">* Temperatura: Func\u021bionare: 5\u00b0 \u2013 32\u00b0 C<br \/>\n* Umiditate relativ\u0103: Func\u021bionare: 10% \u2013 85%<br \/>\n* Nivel de zgomot: Imprimare: 6.14 dBA, \u00een a\u0219teptare: 3.72 dBA<\/td>\n<\/tr>\n<tr>\n<td><\/td>\n<\/tr>\n<tr>\n<th class=\"label\" colspan=\"2\">Securitate<\/th>\n<\/tr>\n<tr>\n<td class=\"data\" colspan=\"2\">Filtrarea adreselor IP<\/td>\n<\/tr>\n<tr>\n<td><\/td>\n<\/tr>\n<tr>\n<th class=\"label\" colspan=\"2\">Alimentare<\/th>\n<\/tr>\n<tr>\n<td class=\"data\" colspan=\"2\">* Sursa de alimentare: 110V: 90-140 V, 60 Hz, 10 A; 220V: 198-264V, 50 Hz, 10.5 A<br \/>\n* Consum: Imprimare: 165 W; \u00een a\u0219teptare: 30 W; mod economic: 8 W; mod economic avansat: 3 W<\/td>\n<\/tr>\n<tr>\n<td><\/td>\n<\/tr>\n<tr>\n<th class=\"label\" colspan=\"2\">Dimensiuni \u0219i Greutate<\/th>\n<\/tr>\n<tr>\n<td class=\"data\" colspan=\"2\">* Cu t\u0103vile \u00eenchise: 394 x 304 x 233 mm<br \/>\n* Cu t\u0103vile deschise: 394 x 429.5 x 293 mm<br \/>\n* Greutate: 10.7 kg<\/td>\n<\/tr>\n<tr>\n<td><\/td>\n<\/tr>\n<tr>\n<th class=\"label\" colspan=\"2\">Dimensiuni ambalaj (LxAx\u00ce)<\/th>\n<\/tr>\n<tr>\n<td class=\"data\" colspan=\"2\">* 535 x 441 x 388 mm<br \/>\n* Greutate: 13.3 kg<\/td>\n<\/tr>\n<tr>\n<td><\/td>\n<\/tr>\n<tr>\n<th class=\"label\" colspan=\"2\">Con\u021binutul ambalajului<\/th>\n<\/tr>\n<tr>\n<td class=\"data\" colspan=\"2\">* CD cu software si documenta\u021bie (Ghid de instalare rapid\u0103, Ghid rapid de utilizare, Manual)<br \/>\n* Cartu\u015f de toner inclus: 500 pagini*<br \/>\n* Cablu de alimentare<br \/>\n* Cablu USB<\/td>\n<\/tr>\n<tr>\n<td><\/td>\n<\/tr>\n<tr>\n<th class=\"label\" colspan=\"2\">Certific\u0103ri<\/th>\n<\/tr>\n<tr>\n<td class=\"data\" colspan=\"2\">* UL 60950-1\/CSA 60950-1-07 Edi\u021bia a 2-a<br \/>\n* Directiva pentru voltaj scazut 2006\/95\/EC; EN 60950-1, Editia a 2-a<br \/>\n* FCC Partea 15 Clasa B; Directiva EMC 2004\/108\/EC; EN 55022 Clasa B<br \/>\n* EN 55024<br \/>\n* Directiva ROHS 2002\/95\/EC<br \/>\n* Sec\u021biunea 508 (compatibil cu excep\u021bii minore)<br \/>\n* Certificat ENERGY STAR\u00ae<\/td>\n<\/tr>\n<tr>\n<td><\/td>\n<\/tr>\n<tr>\n<th class=\"label\" colspan=\"2\">Garan\u0163ie<\/th>\n<\/tr>\n<tr>\n<td class=\"data\" colspan=\"2\">persoane fizice \/ 1 an persoane juridice<\/td>\n<\/tr>\n<tr>\n<td><\/td>\n<\/tr>\n<\/tbody>\n<\/table>\n<\/div>\n<p><strong>Acest echipament poate fi achizi\u0163ionat \u015fi \u00een rate. Pentru detalii<a href=\"https:\/\/www.roxer.ro\/contact\/\" target=\"_blank\" rel=\"noopener noreferrer\">\u00a0contacteaz\u0103-ne<\/a>.<\/strong><\/p>\n","protected":false},"excerpt":{"rendered":"<div class=\"box-collateral box-description\">\n<div class=\"focus_desc\">\n<p>Odat\u0103 cu lansarea imprimantei color Phaser 6000 Xerox transform\u0103 imprimarea color \u00een solu\u021bia optim\u0103 oferindu-v\u0103 un echipament cu dimensiuni compacte pentru economisirea spa\u021biului de birou \u0219i cea mai bun\u0103 vitez\u0103 din clasa sa.<\/p>\n<\/div>\n<\/div>\n<p><strong>Aceast\u0103 imprimant\u0103 nu mai face parte din oferta actual\u0103 de produse.<\/strong><\/p>\n","protected":false},"featured_media":4633,"template":"","meta":[],"product_cat":[15,114],"product_tag":[],"yoast_head":"<!-- This site is optimized with the Yoast SEO plugin v20.3 - https:\/\/yoast.com\/wordpress\/plugins\/seo\/ -->\n<title>Xerox Phaser 6000B \u2013 Imprimanta A4 color - Roxer Grup<\/title>\n<meta name=\"robots\" content=\"noindex, follow, max-snippet:-1, max-image-preview:large, max-video-preview:-1\" \/>\n<meta property=\"og:locale\" content=\"ro_RO\" \/>\n<meta property=\"og:type\" content=\"article\" \/>\n<meta property=\"og:title\" content=\"Xerox Phaser 6000B \u2013 Imprimanta A4 color - Roxer Grup\" \/>\n<meta property=\"og:description\" content=\"Odat\u0103 cu lansarea imprimantei color Phaser 6000 Xerox transform\u0103 imprimarea color \u00een solu\u021bia optim\u0103 oferindu-v\u0103 un echipament cu dimensiuni compacte pentru economisirea spa\u021biului de birou \u0219i cea mai bun\u0103 vitez\u0103 din clasa sa.    Aceast\u0103 imprimant\u0103 nu mai face parte din oferta actual\u0103 de produse.\" \/>\n<meta property=\"og:url\" content=\"https:\/\/www.roxer.ro\/dev\/echipament\/xerox-phaser-6000b-imprimanta-a4-color\" \/>\n<meta property=\"og:site_name\" content=\"Roxer Grup\" \/>\n<meta property=\"article:modified_time\" content=\"2020-11-21T18:26:22+00:00\" \/>\n<meta property=\"og:image\" content=\"https:\/\/www.roxer.ro\/dev\/wp-content\/uploads\/2020\/08\/Xerox-Phaser-6000B.jpg\" \/>\n\t<meta property=\"og:image:width\" content=\"250\" \/>\n\t<meta property=\"og:image:height\" content=\"250\" \/>\n\t<meta property=\"og:image:type\" content=\"image\/jpeg\" \/>\n<meta name=\"twitter:card\" content=\"summary_large_image\" \/>\n<meta name=\"twitter:label1\" content=\"Timp estimat pentru citire\" \/>\n\t<meta name=\"twitter:data1\" content=\"2 minute\" \/>\n<script type=\"application\/ld+json\" class=\"yoast-schema-graph\">{\"@context\":\"https:\/\/schema.org\",\"@graph\":[{\"@type\":\"WebPage\",\"@id\":\"https:\/\/www.roxer.ro\/dev\/echipament\/xerox-phaser-6000b-imprimanta-a4-color\",\"url\":\"https:\/\/www.roxer.ro\/dev\/echipament\/xerox-phaser-6000b-imprimanta-a4-color\",\"name\":\"Xerox Phaser 6000B \u2013 Imprimanta A4 color - Roxer Grup\",\"isPartOf\":{\"@id\":\"https:\/\/www.roxer.ro\/dev\/#website\"},\"datePublished\":\"2020-08-05T10:33:56+00:00\",\"dateModified\":\"2020-11-21T18:26:22+00:00\",\"breadcrumb\":{\"@id\":\"https:\/\/www.roxer.ro\/dev\/echipament\/xerox-phaser-6000b-imprimanta-a4-color#breadcrumb\"},\"inLanguage\":\"ro-RO\",\"potentialAction\":[{\"@type\":\"ReadAction\",\"target\":[\"https:\/\/www.roxer.ro\/dev\/echipament\/xerox-phaser-6000b-imprimanta-a4-color\"]}]},{\"@type\":\"BreadcrumbList\",\"@id\":\"https:\/\/www.roxer.ro\/dev\/echipament\/xerox-phaser-6000b-imprimanta-a4-color#breadcrumb\",\"itemListElement\":[{\"@type\":\"ListItem\",\"position\":1,\"name\":\"Prima pagin\u0103\",\"item\":\"https:\/\/www.roxer.ro\/dev\/\"},{\"@type\":\"ListItem\",\"position\":2,\"name\":\"Echipamente\",\"item\":\"https:\/\/www.roxer.ro\/dev\/echipamente\"},{\"@type\":\"ListItem\",\"position\":3,\"name\":\"Xerox Phaser 6000B \u2013 Imprimanta A4 color\"}]},{\"@type\":\"WebSite\",\"@id\":\"https:\/\/www.roxer.ro\/dev\/#website\",\"url\":\"https:\/\/www.roxer.ro\/dev\/\",\"name\":\"Roxer Grup\",\"description\":\"Xerox Cluj Napoca, Distribuitor Xerox Cluj, distribuitor Xerox S\u0103laj, distribuitor Xerox Bihor, distribuitor Xerox Maramure\u015f, distribuitor Xerox Bistri\u0163a N\u0103s\u0103ud, distribuitor Xerox Satu Mare\",\"publisher\":{\"@id\":\"https:\/\/www.roxer.ro\/dev\/#organization\"},\"potentialAction\":[{\"@type\":\"SearchAction\",\"target\":{\"@type\":\"EntryPoint\",\"urlTemplate\":\"https:\/\/www.roxer.ro\/dev\/?s={search_term_string}\"},\"query-input\":\"required name=search_term_string\"}],\"inLanguage\":\"ro-RO\"},{\"@type\":\"Organization\",\"@id\":\"https:\/\/www.roxer.ro\/dev\/#organization\",\"name\":\"Roxer Grup\",\"url\":\"https:\/\/www.roxer.ro\/dev\/\",\"logo\":{\"@type\":\"ImageObject\",\"inLanguage\":\"ro-RO\",\"@id\":\"https:\/\/www.roxer.ro\/dev\/#\/schema\/logo\/image\/\",\"url\":\"https:\/\/www.roxer.ro\/dev\/wp-content\/uploads\/2023\/05\/logo-roxer-1-e1684141209248.png\",\"contentUrl\":\"https:\/\/www.roxer.ro\/dev\/wp-content\/uploads\/2023\/05\/logo-roxer-1-e1684141209248.png\",\"width\":160,\"height\":57,\"caption\":\"Roxer Grup\"},\"image\":{\"@id\":\"https:\/\/www.roxer.ro\/dev\/#\/schema\/logo\/image\/\"}}]}<\/script>\n<!-- \/ Yoast SEO plugin. -->","yoast_head_json":{"title":"Xerox Phaser 6000B \u2013 Imprimanta A4 color - Roxer Grup","robots":{"index":"noindex","follow":"follow","max-snippet":"max-snippet:-1","max-image-preview":"max-image-preview:large","max-video-preview":"max-video-preview:-1"},"og_locale":"ro_RO","og_type":"article","og_title":"Xerox Phaser 6000B \u2013 Imprimanta A4 color - Roxer Grup","og_description":"Odat\u0103 cu lansarea imprimantei color Phaser 6000 Xerox transform\u0103 imprimarea color \u00een solu\u021bia optim\u0103 oferindu-v\u0103 un echipament cu dimensiuni compacte pentru economisirea spa\u021biului de birou \u0219i cea mai bun\u0103 vitez\u0103 din clasa sa.    Aceast\u0103 imprimant\u0103 nu mai face parte din oferta actual\u0103 de produse.","og_url":"https:\/\/www.roxer.ro\/dev\/echipament\/xerox-phaser-6000b-imprimanta-a4-color","og_site_name":"Roxer Grup","article_modified_time":"2020-11-21T18:26:22+00:00","og_image":[{"width":250,"height":250,"url":"https:\/\/www.roxer.ro\/dev\/wp-content\/uploads\/2020\/08\/Xerox-Phaser-6000B.jpg","type":"image\/jpeg"}],"twitter_card":"summary_large_image","twitter_misc":{"Timp estimat pentru citire":"2 minute"},"schema":{"@context":"https:\/\/schema.org","@graph":[{"@type":"WebPage","@id":"https:\/\/www.roxer.ro\/dev\/echipament\/xerox-phaser-6000b-imprimanta-a4-color","url":"https:\/\/www.roxer.ro\/dev\/echipament\/xerox-phaser-6000b-imprimanta-a4-color","name":"Xerox Phaser 6000B \u2013 Imprimanta A4 color - Roxer Grup","isPartOf":{"@id":"https:\/\/www.roxer.ro\/dev\/#website"},"datePublished":"2020-08-05T10:33:56+00:00","dateModified":"2020-11-21T18:26:22+00:00","breadcrumb":{"@id":"https:\/\/www.roxer.ro\/dev\/echipament\/xerox-phaser-6000b-imprimanta-a4-color#breadcrumb"},"inLanguage":"ro-RO","potentialAction":[{"@type":"ReadAction","target":["https:\/\/www.roxer.ro\/dev\/echipament\/xerox-phaser-6000b-imprimanta-a4-color"]}]},{"@type":"BreadcrumbList","@id":"https:\/\/www.roxer.ro\/dev\/echipament\/xerox-phaser-6000b-imprimanta-a4-color#breadcrumb","itemListElement":[{"@type":"ListItem","position":1,"name":"Prima pagin\u0103","item":"https:\/\/www.roxer.ro\/dev\/"},{"@type":"ListItem","position":2,"name":"Echipamente","item":"https:\/\/www.roxer.ro\/dev\/echipamente"},{"@type":"ListItem","position":3,"name":"Xerox Phaser 6000B \u2013 Imprimanta A4 color"}]},{"@type":"WebSite","@id":"https:\/\/www.roxer.ro\/dev\/#website","url":"https:\/\/www.roxer.ro\/dev\/","name":"Roxer Grup","description":"Xerox Cluj Napoca, Distribuitor Xerox Cluj, distribuitor Xerox S\u0103laj, distribuitor Xerox Bihor, distribuitor Xerox Maramure\u015f, distribuitor Xerox Bistri\u0163a N\u0103s\u0103ud, distribuitor Xerox Satu Mare","publisher":{"@id":"https:\/\/www.roxer.ro\/dev\/#organization"},"potentialAction":[{"@type":"SearchAction","target":{"@type":"EntryPoint","urlTemplate":"https:\/\/www.roxer.ro\/dev\/?s={search_term_string}"},"query-input":"required name=search_term_string"}],"inLanguage":"ro-RO"},{"@type":"Organization","@id":"https:\/\/www.roxer.ro\/dev\/#organization","name":"Roxer Grup","url":"https:\/\/www.roxer.ro\/dev\/","logo":{"@type":"ImageObject","inLanguage":"ro-RO","@id":"https:\/\/www.roxer.ro\/dev\/#\/schema\/logo\/image\/","url":"https:\/\/www.roxer.ro\/dev\/wp-content\/uploads\/2023\/05\/logo-roxer-1-e1684141209248.png","contentUrl":"https:\/\/www.roxer.ro\/dev\/wp-content\/uploads\/2023\/05\/logo-roxer-1-e1684141209248.png","width":160,"height":57,"caption":"Roxer Grup"},"image":{"@id":"https:\/\/www.roxer.ro\/dev\/#\/schema\/logo\/image\/"}}]}},"_links":{"self":[{"href":"https:\/\/www.roxer.ro\/dev\/wp-json\/wp\/v2\/product\/4632"}],"collection":[{"href":"https:\/\/www.roxer.ro\/dev\/wp-json\/wp\/v2\/product"}],"about":[{"href":"https:\/\/www.roxer.ro\/dev\/wp-json\/wp\/v2\/types\/product"}],"wp:featuredmedia":[{"embeddable":true,"href":"https:\/\/www.roxer.ro\/dev\/wp-json\/wp\/v2\/media\/4633"}],"wp:attachment":[{"href":"https:\/\/www.roxer.ro\/dev\/wp-json\/wp\/v2\/media?parent=4632"}],"wp:term":[{"taxonomy":"product_cat","embeddable":true,"href":"https:\/\/www.roxer.ro\/dev\/wp-json\/wp\/v2\/product_cat?post=4632"},{"taxonomy":"product_tag","embeddable":true,"href":"https:\/\/www.roxer.ro\/dev\/wp-json\/wp\/v2\/product_tag?post=4632"}],"curies":[{"name":"wp","href":"https:\/\/api.w.org\/{rel}","templated":true}]}}