{"id":4635,"date":"2020-10-30T10:39:56","date_gmt":"2020-10-30T10:39:56","guid":{"rendered":"https:\/\/firstdesign.ro\/roxer\/?post_type=product&#038;p=4635"},"modified":"2020-11-21T18:43:39","modified_gmt":"2020-11-21T18:43:39","slug":"imprimanta-a4-solid-ink-color-xerox-colorqube-8580n","status":"publish","type":"product","link":"https:\/\/www.roxer.ro\/dev\/echipament\/imprimanta-a4-solid-ink-color-xerox-colorqube-8580n","title":{"rendered":"Imprimanta A4 Solid Ink Color Xerox ColorQube 8580N"},"content":{"rendered":"<div class=\"box-collateral box-description\">\n<div class=\"focus_desc\">\n<p>&nbsp;<\/p>\n<\/div>\n<\/div>\n<div class=\"box-collateral box-additional\">\n<table id=\"product-attribute-specs-table\" class=\"data-table\">\n<colgroup>\n<col width=\"25%\" \/>\n<col \/><\/colgroup>\n<tbody>\n<tr>\n<th class=\"label\" colspan=\"2\">Volum lunar maxim<\/th>\n<\/tr>\n<tr>\n<td class=\"data\" colspan=\"2\">85.000 pagini\/lun\u0103 (ColorQube 8580); 120.000 pagini\/lun\u0103 (ColorQube 8880)<\/td>\n<\/tr>\n<tr>\n<td><\/td>\n<\/tr>\n<tr>\n<th class=\"label\" colspan=\"2\">Imprimarea primei pagini<\/th>\n<\/tr>\n<tr>\n<td class=\"data\" colspan=\"2\">5 secunde color<\/td>\n<\/tr>\n<tr>\n<td><\/td>\n<\/tr>\n<tr>\n<th class=\"label\" colspan=\"2\">Procesor<\/th>\n<\/tr>\n<tr>\n<td class=\"data\" colspan=\"2\">1 GHz<\/td>\n<\/tr>\n<tr>\n<td><\/td>\n<\/tr>\n<tr>\n<th class=\"label\" colspan=\"2\">Memorie standard\/maxim<\/th>\n<\/tr>\n<tr>\n<td class=\"data\" colspan=\"2\">1 GB\/2 GB<\/td>\n<\/tr>\n<tr>\n<td><\/td>\n<\/tr>\n<tr>\n<th class=\"label\" colspan=\"2\">Limbaj de imprimare<\/th>\n<\/tr>\n<tr>\n<td class=\"data\" colspan=\"2\">True Adobe\u00ae PostScript\u00ae 3\u2122, emulare PCL\u00ae 5c, Direct PDF2, JPEG, TIFF \u015fi PNG<\/td>\n<\/tr>\n<tr>\n<td><\/td>\n<\/tr>\n<tr>\n<th class=\"label\" colspan=\"2\">Functii imprimare<\/th>\n<\/tr>\n<tr>\n<td class=\"data\" colspan=\"2\">(Standard) Colour By Words, cola\u0163ionare RAM, Smart Duplex, set\u0103ri Earth Smart \u00een driver, drivere bidirec\u0163ionale, imprimare bro\u015furi, filigrane, imprimare N pe pagin\u0103, indicator grafic pentru cerneal\u0103, imprimare automat\u0103 cu negru<br \/>\n(Op\u021bional) Kit de productivitate (adaug\u0103 memorie SSD), imprimare personal\u0103\/personal\u0103 salvat\u0103\/securizat\u0103\/de prob\u0103\/salvat\u0103, Print With, stocare extins\u0103 fonturi\/formulare,<\/td>\n<\/tr>\n<tr>\n<td><\/td>\n<\/tr>\n<tr>\n<th class=\"label\" colspan=\"2\">Alimentare<\/th>\n<\/tr>\n<tr>\n<td class=\"data\" colspan=\"2\">Tava 1 (multifunc\u0163ional\u0103): 100 coli; dimensiuni personalizate: 76 x 127 mm \u2013 216 x 356 mm;<br \/>\nTava 2: 525 coli; dimensiuni selectabile: 99 x 211 mm \u2013 216 x 356 mm<\/td>\n<\/tr>\n<tr>\n<td><\/td>\n<\/tr>\n<tr>\n<th class=\"label\" colspan=\"2\">Performanta<\/th>\n<\/tr>\n<tr>\n<td class=\"data\" colspan=\"2\">Rezolutie: Xerox\u00ae 2400 FinePoint\u00ae<br \/>\ncriptare date AES 256 bi\u0163i, cola\u0163ionare<br \/>\nImprimare mobil\u0103: Xerox\u00ae PrintBack, certificare Mopria\u2122<br \/>\nVitez\u0103 (color \u0219i alb-negru) Mod Fast Colour: p\u00e2n\u0103 la 51 ppm; mod Standard: p\u00e2n\u0103 la 30 ppm; mod Enhanced: p\u00e2n\u0103 la 19 ppm; Mod High Resolution: p\u00e2n\u0103 la 6 ppm<\/td>\n<\/tr>\n<tr>\n<td><\/td>\n<\/tr>\n<tr>\n<th class=\"label\" colspan=\"2\">Conectivitate<\/th>\n<\/tr>\n<tr>\n<td class=\"data\" colspan=\"2\">10\/100\/1000Base-T Ethernet, USB 2.0, IPv6<\/td>\n<\/tr>\n<tr>\n<td><\/td>\n<\/tr>\n<\/tbody>\n<\/table>\n<\/div>\n<p><strong><br \/>\nImprimanta A4 Solid Ink Color Xerox ColorQube 8580N nu mai face parte din oferta noastr\u0103, fiind \u00eenlocuit\u0103 cu un echipament nou Xerox. Pentru detalii,<a href=\"https:\/\/www.roxer.ro\/contact\/\" target=\"_blank\" rel=\"noopener noreferrer\">\u00a0contacteaz\u0103-ne<\/a>.<\/strong><\/p>\n","protected":false},"excerpt":{"rendered":"<div class=\"box-collateral box-description\">\n<div class=\"focus_desc\">\n<p>Beneficia\u0163i de o solu\u0163ie de imprimare performant\u0103, simpl\u0103 \u015fi ecologic\u0103, ce ofer\u0103 constant o calitate excep\u0163ional\u0103 a culorilor.<\/p>\n<p>Imprimanta color ColorQube 8880 este o surs\u0103 de economii substan\u0163iale la imprimarea color prin costul total de de\u0163inere incredibil de mic.<\/p>\n<\/div>\n<\/div>\n<p><strong>Aceast\u0103 imprimant\u0103 nu mai face parte din oferta actual\u0103 de produse.<\/strong><\/p>\n","protected":false},"featured_media":4636,"template":"","meta":[],"product_cat":[15,114],"product_tag":[],"yoast_head":"<!-- This site is optimized with the Yoast SEO plugin v20.3 - https:\/\/yoast.com\/wordpress\/plugins\/seo\/ -->\n<title>Imprimanta A4 Solid Ink Color Xerox ColorQube 8580N - Roxer Grup<\/title>\n<meta name=\"robots\" content=\"noindex, follow, max-snippet:-1, max-image-preview:large, max-video-preview:-1\" \/>\n<meta property=\"og:locale\" content=\"ro_RO\" \/>\n<meta property=\"og:type\" content=\"article\" \/>\n<meta property=\"og:title\" content=\"Imprimanta A4 Solid Ink Color Xerox ColorQube 8580N - Roxer Grup\" \/>\n<meta property=\"og:description\" content=\"Beneficia\u0163i de o solu\u0163ie de imprimare performant\u0103, simpl\u0103 \u015fi ecologic\u0103, ce ofer\u0103 constant o calitate excep\u0163ional\u0103 a culorilor.  Imprimanta color ColorQube 8880 este o surs\u0103 de economii substan\u0163iale la imprimarea color prin costul total de de\u0163inere incredibil de mic.    Aceast\u0103 imprimant\u0103 nu mai face parte din oferta actual\u0103 de produse.\" \/>\n<meta property=\"og:url\" content=\"https:\/\/www.roxer.ro\/dev\/echipament\/imprimanta-a4-solid-ink-color-xerox-colorqube-8580n\" \/>\n<meta property=\"og:site_name\" content=\"Roxer Grup\" \/>\n<meta property=\"article:modified_time\" content=\"2020-11-21T18:43:39+00:00\" \/>\n<meta property=\"og:image\" content=\"https:\/\/www.roxer.ro\/dev\/wp-content\/uploads\/2020\/08\/Xerox-ColorQube-8580N.jpg\" \/>\n\t<meta property=\"og:image:width\" content=\"250\" \/>\n\t<meta property=\"og:image:height\" content=\"250\" \/>\n\t<meta property=\"og:image:type\" content=\"image\/jpeg\" \/>\n<meta name=\"twitter:card\" content=\"summary_large_image\" \/>\n<meta name=\"twitter:label1\" content=\"Timp estimat pentru citire\" \/>\n\t<meta name=\"twitter:data1\" content=\"1 minut\" \/>\n<script type=\"application\/ld+json\" class=\"yoast-schema-graph\">{\"@context\":\"https:\/\/schema.org\",\"@graph\":[{\"@type\":\"WebPage\",\"@id\":\"https:\/\/www.roxer.ro\/dev\/echipament\/imprimanta-a4-solid-ink-color-xerox-colorqube-8580n\",\"url\":\"https:\/\/www.roxer.ro\/dev\/echipament\/imprimanta-a4-solid-ink-color-xerox-colorqube-8580n\",\"name\":\"Imprimanta A4 Solid Ink Color Xerox ColorQube 8580N - Roxer Grup\",\"isPartOf\":{\"@id\":\"https:\/\/www.roxer.ro\/dev\/#website\"},\"datePublished\":\"2020-10-30T10:39:56+00:00\",\"dateModified\":\"2020-11-21T18:43:39+00:00\",\"breadcrumb\":{\"@id\":\"https:\/\/www.roxer.ro\/dev\/echipament\/imprimanta-a4-solid-ink-color-xerox-colorqube-8580n#breadcrumb\"},\"inLanguage\":\"ro-RO\",\"potentialAction\":[{\"@type\":\"ReadAction\",\"target\":[\"https:\/\/www.roxer.ro\/dev\/echipament\/imprimanta-a4-solid-ink-color-xerox-colorqube-8580n\"]}]},{\"@type\":\"BreadcrumbList\",\"@id\":\"https:\/\/www.roxer.ro\/dev\/echipament\/imprimanta-a4-solid-ink-color-xerox-colorqube-8580n#breadcrumb\",\"itemListElement\":[{\"@type\":\"ListItem\",\"position\":1,\"name\":\"Prima pagin\u0103\",\"item\":\"https:\/\/www.roxer.ro\/dev\/\"},{\"@type\":\"ListItem\",\"position\":2,\"name\":\"Echipamente\",\"item\":\"https:\/\/www.roxer.ro\/dev\/echipamente\"},{\"@type\":\"ListItem\",\"position\":3,\"name\":\"Imprimanta A4 Solid Ink Color Xerox ColorQube 8580N\"}]},{\"@type\":\"WebSite\",\"@id\":\"https:\/\/www.roxer.ro\/dev\/#website\",\"url\":\"https:\/\/www.roxer.ro\/dev\/\",\"name\":\"Roxer Grup\",\"description\":\"Xerox Cluj Napoca, Distribuitor Xerox Cluj, distribuitor Xerox S\u0103laj, distribuitor Xerox Bihor, distribuitor Xerox Maramure\u015f, distribuitor Xerox Bistri\u0163a N\u0103s\u0103ud, distribuitor Xerox Satu Mare\",\"publisher\":{\"@id\":\"https:\/\/www.roxer.ro\/dev\/#organization\"},\"potentialAction\":[{\"@type\":\"SearchAction\",\"target\":{\"@type\":\"EntryPoint\",\"urlTemplate\":\"https:\/\/www.roxer.ro\/dev\/?s={search_term_string}\"},\"query-input\":\"required name=search_term_string\"}],\"inLanguage\":\"ro-RO\"},{\"@type\":\"Organization\",\"@id\":\"https:\/\/www.roxer.ro\/dev\/#organization\",\"name\":\"Roxer Grup\",\"url\":\"https:\/\/www.roxer.ro\/dev\/\",\"logo\":{\"@type\":\"ImageObject\",\"inLanguage\":\"ro-RO\",\"@id\":\"https:\/\/www.roxer.ro\/dev\/#\/schema\/logo\/image\/\",\"url\":\"https:\/\/www.roxer.ro\/dev\/wp-content\/uploads\/2023\/05\/logo-roxer-1-e1684141209248.png\",\"contentUrl\":\"https:\/\/www.roxer.ro\/dev\/wp-content\/uploads\/2023\/05\/logo-roxer-1-e1684141209248.png\",\"width\":160,\"height\":57,\"caption\":\"Roxer Grup\"},\"image\":{\"@id\":\"https:\/\/www.roxer.ro\/dev\/#\/schema\/logo\/image\/\"}}]}<\/script>\n<!-- \/ Yoast SEO plugin. -->","yoast_head_json":{"title":"Imprimanta A4 Solid Ink Color Xerox ColorQube 8580N - Roxer Grup","robots":{"index":"noindex","follow":"follow","max-snippet":"max-snippet:-1","max-image-preview":"max-image-preview:large","max-video-preview":"max-video-preview:-1"},"og_locale":"ro_RO","og_type":"article","og_title":"Imprimanta A4 Solid Ink Color Xerox ColorQube 8580N - Roxer Grup","og_description":"Beneficia\u0163i de o solu\u0163ie de imprimare performant\u0103, simpl\u0103 \u015fi ecologic\u0103, ce ofer\u0103 constant o calitate excep\u0163ional\u0103 a culorilor.  Imprimanta color ColorQube 8880 este o surs\u0103 de economii substan\u0163iale la imprimarea color prin costul total de de\u0163inere incredibil de mic.    Aceast\u0103 imprimant\u0103 nu mai face parte din oferta actual\u0103 de produse.","og_url":"https:\/\/www.roxer.ro\/dev\/echipament\/imprimanta-a4-solid-ink-color-xerox-colorqube-8580n","og_site_name":"Roxer Grup","article_modified_time":"2020-11-21T18:43:39+00:00","og_image":[{"width":250,"height":250,"url":"https:\/\/www.roxer.ro\/dev\/wp-content\/uploads\/2020\/08\/Xerox-ColorQube-8580N.jpg","type":"image\/jpeg"}],"twitter_card":"summary_large_image","twitter_misc":{"Timp estimat pentru citire":"1 minut"},"schema":{"@context":"https:\/\/schema.org","@graph":[{"@type":"WebPage","@id":"https:\/\/www.roxer.ro\/dev\/echipament\/imprimanta-a4-solid-ink-color-xerox-colorqube-8580n","url":"https:\/\/www.roxer.ro\/dev\/echipament\/imprimanta-a4-solid-ink-color-xerox-colorqube-8580n","name":"Imprimanta A4 Solid Ink Color Xerox ColorQube 8580N - Roxer Grup","isPartOf":{"@id":"https:\/\/www.roxer.ro\/dev\/#website"},"datePublished":"2020-10-30T10:39:56+00:00","dateModified":"2020-11-21T18:43:39+00:00","breadcrumb":{"@id":"https:\/\/www.roxer.ro\/dev\/echipament\/imprimanta-a4-solid-ink-color-xerox-colorqube-8580n#breadcrumb"},"inLanguage":"ro-RO","potentialAction":[{"@type":"ReadAction","target":["https:\/\/www.roxer.ro\/dev\/echipament\/imprimanta-a4-solid-ink-color-xerox-colorqube-8580n"]}]},{"@type":"BreadcrumbList","@id":"https:\/\/www.roxer.ro\/dev\/echipament\/imprimanta-a4-solid-ink-color-xerox-colorqube-8580n#breadcrumb","itemListElement":[{"@type":"ListItem","position":1,"name":"Prima pagin\u0103","item":"https:\/\/www.roxer.ro\/dev\/"},{"@type":"ListItem","position":2,"name":"Echipamente","item":"https:\/\/www.roxer.ro\/dev\/echipamente"},{"@type":"ListItem","position":3,"name":"Imprimanta A4 Solid Ink Color Xerox ColorQube 8580N"}]},{"@type":"WebSite","@id":"https:\/\/www.roxer.ro\/dev\/#website","url":"https:\/\/www.roxer.ro\/dev\/","name":"Roxer Grup","description":"Xerox Cluj Napoca, Distribuitor Xerox Cluj, distribuitor Xerox S\u0103laj, distribuitor Xerox Bihor, distribuitor Xerox Maramure\u015f, distribuitor Xerox Bistri\u0163a N\u0103s\u0103ud, distribuitor Xerox Satu Mare","publisher":{"@id":"https:\/\/www.roxer.ro\/dev\/#organization"},"potentialAction":[{"@type":"SearchAction","target":{"@type":"EntryPoint","urlTemplate":"https:\/\/www.roxer.ro\/dev\/?s={search_term_string}"},"query-input":"required name=search_term_string"}],"inLanguage":"ro-RO"},{"@type":"Organization","@id":"https:\/\/www.roxer.ro\/dev\/#organization","name":"Roxer Grup","url":"https:\/\/www.roxer.ro\/dev\/","logo":{"@type":"ImageObject","inLanguage":"ro-RO","@id":"https:\/\/www.roxer.ro\/dev\/#\/schema\/logo\/image\/","url":"https:\/\/www.roxer.ro\/dev\/wp-content\/uploads\/2023\/05\/logo-roxer-1-e1684141209248.png","contentUrl":"https:\/\/www.roxer.ro\/dev\/wp-content\/uploads\/2023\/05\/logo-roxer-1-e1684141209248.png","width":160,"height":57,"caption":"Roxer Grup"},"image":{"@id":"https:\/\/www.roxer.ro\/dev\/#\/schema\/logo\/image\/"}}]}},"_links":{"self":[{"href":"https:\/\/www.roxer.ro\/dev\/wp-json\/wp\/v2\/product\/4635"}],"collection":[{"href":"https:\/\/www.roxer.ro\/dev\/wp-json\/wp\/v2\/product"}],"about":[{"href":"https:\/\/www.roxer.ro\/dev\/wp-json\/wp\/v2\/types\/product"}],"wp:featuredmedia":[{"embeddable":true,"href":"https:\/\/www.roxer.ro\/dev\/wp-json\/wp\/v2\/media\/4636"}],"wp:attachment":[{"href":"https:\/\/www.roxer.ro\/dev\/wp-json\/wp\/v2\/media?parent=4635"}],"wp:term":[{"taxonomy":"product_cat","embeddable":true,"href":"https:\/\/www.roxer.ro\/dev\/wp-json\/wp\/v2\/product_cat?post=4635"},{"taxonomy":"product_tag","embeddable":true,"href":"https:\/\/www.roxer.ro\/dev\/wp-json\/wp\/v2\/product_tag?post=4635"}],"curies":[{"name":"wp","href":"https:\/\/api.w.org\/{rel}","templated":true}]}}