{"id":4639,"date":"2020-08-05T10:43:48","date_gmt":"2020-08-05T10:43:48","guid":{"rendered":"https:\/\/firstdesign.ro\/roxer\/?post_type=product&#038;p=4639"},"modified":"2020-11-21T18:46:18","modified_gmt":"2020-11-21T18:46:18","slug":"xerox-phaser-7100n-imprimanta-a3-color-30ppm-retea","status":"publish","type":"product","link":"https:\/\/www.roxer.ro\/dev\/echipament\/xerox-phaser-7100n-imprimanta-a3-color-30ppm-retea","title":{"rendered":"Xerox Phaser 7100N \u2013 Imprimanta A3 color, 30ppm, retea"},"content":{"rendered":"<div class=\"box-collateral box-description\">\n<div class=\"focus_desc\">\n<p>&nbsp;<\/p>\n<\/div>\n<\/div>\n<div class=\"box-collateral box-additional\">\n<table id=\"product-attribute-specs-table\" class=\"data-table\">\n<colgroup>\n<col width=\"25%\" \/>\n<col \/><\/colgroup>\n<tbody>\n<tr>\n<th class=\"label\" colspan=\"2\">Limbaj de imprimare<\/th>\n<\/tr>\n<tr>\n<td class=\"data\" colspan=\"2\">Imprimarea primei pagini: Color: 11 secunde \/ Alb-Negru: 9 secunde<br \/>\nRezolu\u0163ie (maxim\u0103): P\u00e2n\u0103 la 1200 x 1200 dpi\/600 x 600 x 8 bi\u0163i<br \/>\nProcesor: 667 MHz<br \/>\nMemorie (standard \/ maxim\u0103): 1 GB \/ 2 GB<br \/>\nConectivitate: 10\/100Base-T Ethernet, USB 2.0, wireless extern op\u0163ional<br \/>\nLimbaj de imprimare: Adobe\u00ae PostScript\u00ae 3TM, PCL\u00ae 5c\/6, Direct PDF, XPS<br \/>\nFunc\u0163ii de imprimare standard: Set\u0103ri Earth Smart \u00een driver, cola\u0163ionare, driver bidirec\u0163ional, Smart Duplex, dispunere\/filigran<br \/>\nFunc\u0163ii de imprimare op\u021bional: Kit de productivitate (cu unitate hard disc de 40 GB): adaug\u0103 spa\u0163iu de stocare pentru fonturi, contorizare re\u0163ea, criptare disc 128 bi\u0163i, suprascriere hard disc, capacitate optimizat\u0103 de imprimare securizat\u0103 \u015fi protec\u0163ia certificatului de securitate<\/td>\n<\/tr>\n<tr>\n<td><\/td>\n<\/tr>\n<tr>\n<th class=\"label\" colspan=\"2\">Hartie<\/th>\n<\/tr>\n<tr>\n<td class=\"data\" colspan=\"2\">Alimentare cu h\u00e2rtie \u2013 Standard: Tav\u0103 manual\u0103: 150 coli; dimensiuni personalizate: 75 x 98 mm \u2013 A3, 210 x 900 mm \u015fi 297 x 1.200 mm pentru bannere<br \/>\nAlimentare cu h\u00e2rtie \u2013 Standard: Tava 1: 250 coli; dimensiuni personalizate: 148 x 210 mm \u2013 297 x 432 mm<br \/>\nAlimentare cu h\u00e2rtie \u2013 Op\u021bional: Tava 2: 550 coli; dimensiuni personalizate: 148 x 210 mm \u2013 297 x 432 mm<br \/>\nAlimentare cu h\u00e2rtie \u2013 Op\u021bional: Tava 3: 550 coli; dimensiuni personalizate: 148 x 210 mm \u2013 297 x 432 mm<br \/>\nAlimentare cu h\u00e2rtie \u2013 Op\u021bional: Tava 4: 550 coli; dimensiuni personalizate: 148 x 210 mm \u2013 297 x 432 mm<br \/>\nIe\u015fire h\u00e2rtie \u2013 Standard: 250 coli<\/td>\n<\/tr>\n<tr>\n<td><\/td>\n<\/tr>\n<tr>\n<th class=\"label\" colspan=\"2\">Mediu de func\u021bionare<\/th>\n<\/tr>\n<tr>\n<td class=\"data\" colspan=\"2\">Contorizare: Xerox\u00ae Standard Accounting (necesit\u0103 kitul de productivitate)<\/td>\n<\/tr>\n<tr>\n<td><\/td>\n<\/tr>\n<tr>\n<th class=\"label\" colspan=\"2\">Securitate<\/th>\n<\/tr>\n<tr>\n<td class=\"data\" colspan=\"2\">IPsec, Autentificare 802.1X, HTTPS securizat (SSL), Compatibilitate IPv6, SNMPv3, Filtrare adrese IP, Imprimare securizat\u0103, Unitate hard disc deta\u015fabil\u0103, Suprascriere date, Control port<\/td>\n<\/tr>\n<tr>\n<td><\/td>\n<\/tr>\n<tr>\n<th class=\"label\" colspan=\"2\">Garan\u0163ie<\/th>\n<\/tr>\n<tr>\n<td class=\"data\" colspan=\"2\">Garan\u0163ie de un an<\/td>\n<\/tr>\n<tr>\n<td><\/td>\n<\/tr>\n<tr>\n<th class=\"label\" colspan=\"2\">Performanta<\/th>\n<\/tr>\n<tr>\n<td class=\"data\" colspan=\"2\">Volum lunar maxim: P\u00e2n\u0103 la 52.000 pagini<br \/>\nProcesor: 667 MHz<br \/>\nMemorie (Std\/Max): 1 GB \/ 2 GB<br \/>\nConectivitate: 10\/100Base-T Ethernet, USB 2.0, wireless extern op\u0163ional<br \/>\nLimbaj de imprimare: Adobe\u00ae PostScript\u00ae 3TM, PCL\u00ae 5c\/6, Direct PDF, XPS<\/td>\n<\/tr>\n<tr>\n<td><\/td>\n<\/tr>\n<\/tbody>\n<\/table>\n<\/div>\n<p><strong>Acest echipament poate fi achizi\u0163ionat \u015fi \u00een rate. Pentru detalii<a href=\"https:\/\/www.roxer.ro\/contact\/\" target=\"_blank\" rel=\"noopener noreferrer\">\u00a0contacteaz\u0103-ne<\/a>.<\/strong><\/p>\n","protected":false},"excerpt":{"rendered":"<div class=\"box-collateral box-description\">\n<div class=\"focus_desc\">\n<p>Imprimanta color Phaser 7100 asigur\u0103 o calitate de imprimare de excep\u0163ie pentru documentele care \u00eembun\u0103t\u0103\u021besc comunicarea \u00een afaceri \u2013 chiar \u015fi pe h\u00e2rtie supradimensionat\u0103.<\/p>\n<p>Renumita calitate a imprim\u0103rii Xerox se distinge acum la o imprimant\u0103 color de birou care va d\u0103rui documentelor un impact vizual deosebit.<\/p>\n<p>Phaser 7100 exceleaz\u0103 c\u00e2nd vine vorba de imprimarea detaliat\u0103 \u015fi uimitor de clar\u0103 pe o gam\u0103 variat\u0103 de suporturi \u2013 inclusiv h\u00e2rtie supradimensionat\u0103 \u2013 oferind func\u0163iile necesare pentru ca fiecare material imprimat s\u0103 produc\u0103 o impresie puternic\u0103.<\/p>\n<p><strong>Aceast\u0103 imprimant\u0103 nu mai face parte din oferta actual\u0103 de produse.<\/strong><\/p>\n<\/div>\n<\/div>\n","protected":false},"featured_media":4640,"template":"","meta":[],"product_cat":[15,114],"product_tag":[],"yoast_head":"<!-- This site is optimized with the Yoast SEO plugin v20.3 - https:\/\/yoast.com\/wordpress\/plugins\/seo\/ -->\n<title>Xerox Phaser 7100N \u2013 Imprimanta A3 color, 30ppm, retea - Roxer Grup<\/title>\n<meta name=\"robots\" content=\"noindex, follow, max-snippet:-1, max-image-preview:large, max-video-preview:-1\" \/>\n<meta property=\"og:locale\" content=\"ro_RO\" \/>\n<meta property=\"og:type\" content=\"article\" \/>\n<meta property=\"og:title\" content=\"Xerox Phaser 7100N \u2013 Imprimanta A3 color, 30ppm, retea - Roxer Grup\" \/>\n<meta property=\"og:description\" content=\"Imprimanta color Phaser 7100 asigur\u0103 o calitate de imprimare de excep\u0163ie pentru documentele care \u00eembun\u0103t\u0103\u021besc comunicarea \u00een afaceri \u2013 chiar \u015fi pe h\u00e2rtie supradimensionat\u0103.  Renumita calitate a imprim\u0103rii Xerox se distinge acum la o imprimant\u0103 color de birou care va d\u0103rui documentelor un impact vizual deosebit.  Phaser 7100 exceleaz\u0103 c\u00e2nd vine vorba de imprimarea detaliat\u0103 \u015fi uimitor de clar\u0103 pe o gam\u0103 variat\u0103 de suporturi \u2013 inclusiv h\u00e2rtie supradimensionat\u0103 \u2013 oferind func\u0163iile necesare pentru ca fiecare material imprimat s\u0103 produc\u0103 o impresie puternic\u0103.  Aceast\u0103 imprimant\u0103 nu mai face parte din oferta actual\u0103 de produse.\" \/>\n<meta property=\"og:url\" content=\"https:\/\/www.roxer.ro\/dev\/echipament\/xerox-phaser-7100n-imprimanta-a3-color-30ppm-retea\" \/>\n<meta property=\"og:site_name\" content=\"Roxer Grup\" \/>\n<meta property=\"article:modified_time\" content=\"2020-11-21T18:46:18+00:00\" \/>\n<meta property=\"og:image\" content=\"https:\/\/www.roxer.ro\/dev\/wp-content\/uploads\/2020\/08\/Xerox-Phaser-7100N.jpg\" \/>\n\t<meta property=\"og:image:width\" content=\"250\" \/>\n\t<meta property=\"og:image:height\" content=\"250\" \/>\n\t<meta property=\"og:image:type\" content=\"image\/jpeg\" \/>\n<meta name=\"twitter:card\" content=\"summary_large_image\" \/>\n<meta name=\"twitter:label1\" content=\"Timp estimat pentru citire\" \/>\n\t<meta name=\"twitter:data1\" content=\"1 minut\" \/>\n<script type=\"application\/ld+json\" class=\"yoast-schema-graph\">{\"@context\":\"https:\/\/schema.org\",\"@graph\":[{\"@type\":\"WebPage\",\"@id\":\"https:\/\/www.roxer.ro\/dev\/echipament\/xerox-phaser-7100n-imprimanta-a3-color-30ppm-retea\",\"url\":\"https:\/\/www.roxer.ro\/dev\/echipament\/xerox-phaser-7100n-imprimanta-a3-color-30ppm-retea\",\"name\":\"Xerox Phaser 7100N \u2013 Imprimanta A3 color, 30ppm, retea - Roxer Grup\",\"isPartOf\":{\"@id\":\"https:\/\/www.roxer.ro\/dev\/#website\"},\"datePublished\":\"2020-08-05T10:43:48+00:00\",\"dateModified\":\"2020-11-21T18:46:18+00:00\",\"breadcrumb\":{\"@id\":\"https:\/\/www.roxer.ro\/dev\/echipament\/xerox-phaser-7100n-imprimanta-a3-color-30ppm-retea#breadcrumb\"},\"inLanguage\":\"ro-RO\",\"potentialAction\":[{\"@type\":\"ReadAction\",\"target\":[\"https:\/\/www.roxer.ro\/dev\/echipament\/xerox-phaser-7100n-imprimanta-a3-color-30ppm-retea\"]}]},{\"@type\":\"BreadcrumbList\",\"@id\":\"https:\/\/www.roxer.ro\/dev\/echipament\/xerox-phaser-7100n-imprimanta-a3-color-30ppm-retea#breadcrumb\",\"itemListElement\":[{\"@type\":\"ListItem\",\"position\":1,\"name\":\"Prima pagin\u0103\",\"item\":\"https:\/\/www.roxer.ro\/dev\/\"},{\"@type\":\"ListItem\",\"position\":2,\"name\":\"Echipamente\",\"item\":\"https:\/\/www.roxer.ro\/dev\/echipamente\"},{\"@type\":\"ListItem\",\"position\":3,\"name\":\"Xerox Phaser 7100N \u2013 Imprimanta A3 color, 30ppm, retea\"}]},{\"@type\":\"WebSite\",\"@id\":\"https:\/\/www.roxer.ro\/dev\/#website\",\"url\":\"https:\/\/www.roxer.ro\/dev\/\",\"name\":\"Roxer Grup\",\"description\":\"Xerox Cluj Napoca, Distribuitor Xerox Cluj, distribuitor Xerox S\u0103laj, distribuitor Xerox Bihor, distribuitor Xerox Maramure\u015f, distribuitor Xerox Bistri\u0163a N\u0103s\u0103ud, distribuitor Xerox Satu Mare\",\"publisher\":{\"@id\":\"https:\/\/www.roxer.ro\/dev\/#organization\"},\"potentialAction\":[{\"@type\":\"SearchAction\",\"target\":{\"@type\":\"EntryPoint\",\"urlTemplate\":\"https:\/\/www.roxer.ro\/dev\/?s={search_term_string}\"},\"query-input\":\"required name=search_term_string\"}],\"inLanguage\":\"ro-RO\"},{\"@type\":\"Organization\",\"@id\":\"https:\/\/www.roxer.ro\/dev\/#organization\",\"name\":\"Roxer Grup\",\"url\":\"https:\/\/www.roxer.ro\/dev\/\",\"logo\":{\"@type\":\"ImageObject\",\"inLanguage\":\"ro-RO\",\"@id\":\"https:\/\/www.roxer.ro\/dev\/#\/schema\/logo\/image\/\",\"url\":\"https:\/\/www.roxer.ro\/dev\/wp-content\/uploads\/2023\/05\/logo-roxer-1-e1684141209248.png\",\"contentUrl\":\"https:\/\/www.roxer.ro\/dev\/wp-content\/uploads\/2023\/05\/logo-roxer-1-e1684141209248.png\",\"width\":160,\"height\":57,\"caption\":\"Roxer Grup\"},\"image\":{\"@id\":\"https:\/\/www.roxer.ro\/dev\/#\/schema\/logo\/image\/\"}}]}<\/script>\n<!-- \/ Yoast SEO plugin. -->","yoast_head_json":{"title":"Xerox Phaser 7100N \u2013 Imprimanta A3 color, 30ppm, retea - Roxer Grup","robots":{"index":"noindex","follow":"follow","max-snippet":"max-snippet:-1","max-image-preview":"max-image-preview:large","max-video-preview":"max-video-preview:-1"},"og_locale":"ro_RO","og_type":"article","og_title":"Xerox Phaser 7100N \u2013 Imprimanta A3 color, 30ppm, retea - Roxer Grup","og_description":"Imprimanta color Phaser 7100 asigur\u0103 o calitate de imprimare de excep\u0163ie pentru documentele care \u00eembun\u0103t\u0103\u021besc comunicarea \u00een afaceri \u2013 chiar \u015fi pe h\u00e2rtie supradimensionat\u0103.  Renumita calitate a imprim\u0103rii Xerox se distinge acum la o imprimant\u0103 color de birou care va d\u0103rui documentelor un impact vizual deosebit.  Phaser 7100 exceleaz\u0103 c\u00e2nd vine vorba de imprimarea detaliat\u0103 \u015fi uimitor de clar\u0103 pe o gam\u0103 variat\u0103 de suporturi \u2013 inclusiv h\u00e2rtie supradimensionat\u0103 \u2013 oferind func\u0163iile necesare pentru ca fiecare material imprimat s\u0103 produc\u0103 o impresie puternic\u0103.  Aceast\u0103 imprimant\u0103 nu mai face parte din oferta actual\u0103 de produse.","og_url":"https:\/\/www.roxer.ro\/dev\/echipament\/xerox-phaser-7100n-imprimanta-a3-color-30ppm-retea","og_site_name":"Roxer Grup","article_modified_time":"2020-11-21T18:46:18+00:00","og_image":[{"width":250,"height":250,"url":"https:\/\/www.roxer.ro\/dev\/wp-content\/uploads\/2020\/08\/Xerox-Phaser-7100N.jpg","type":"image\/jpeg"}],"twitter_card":"summary_large_image","twitter_misc":{"Timp estimat pentru citire":"1 minut"},"schema":{"@context":"https:\/\/schema.org","@graph":[{"@type":"WebPage","@id":"https:\/\/www.roxer.ro\/dev\/echipament\/xerox-phaser-7100n-imprimanta-a3-color-30ppm-retea","url":"https:\/\/www.roxer.ro\/dev\/echipament\/xerox-phaser-7100n-imprimanta-a3-color-30ppm-retea","name":"Xerox Phaser 7100N \u2013 Imprimanta A3 color, 30ppm, retea - Roxer Grup","isPartOf":{"@id":"https:\/\/www.roxer.ro\/dev\/#website"},"datePublished":"2020-08-05T10:43:48+00:00","dateModified":"2020-11-21T18:46:18+00:00","breadcrumb":{"@id":"https:\/\/www.roxer.ro\/dev\/echipament\/xerox-phaser-7100n-imprimanta-a3-color-30ppm-retea#breadcrumb"},"inLanguage":"ro-RO","potentialAction":[{"@type":"ReadAction","target":["https:\/\/www.roxer.ro\/dev\/echipament\/xerox-phaser-7100n-imprimanta-a3-color-30ppm-retea"]}]},{"@type":"BreadcrumbList","@id":"https:\/\/www.roxer.ro\/dev\/echipament\/xerox-phaser-7100n-imprimanta-a3-color-30ppm-retea#breadcrumb","itemListElement":[{"@type":"ListItem","position":1,"name":"Prima pagin\u0103","item":"https:\/\/www.roxer.ro\/dev\/"},{"@type":"ListItem","position":2,"name":"Echipamente","item":"https:\/\/www.roxer.ro\/dev\/echipamente"},{"@type":"ListItem","position":3,"name":"Xerox Phaser 7100N \u2013 Imprimanta A3 color, 30ppm, retea"}]},{"@type":"WebSite","@id":"https:\/\/www.roxer.ro\/dev\/#website","url":"https:\/\/www.roxer.ro\/dev\/","name":"Roxer Grup","description":"Xerox Cluj Napoca, Distribuitor Xerox Cluj, distribuitor Xerox S\u0103laj, distribuitor Xerox Bihor, distribuitor Xerox Maramure\u015f, distribuitor Xerox Bistri\u0163a N\u0103s\u0103ud, distribuitor Xerox Satu Mare","publisher":{"@id":"https:\/\/www.roxer.ro\/dev\/#organization"},"potentialAction":[{"@type":"SearchAction","target":{"@type":"EntryPoint","urlTemplate":"https:\/\/www.roxer.ro\/dev\/?s={search_term_string}"},"query-input":"required name=search_term_string"}],"inLanguage":"ro-RO"},{"@type":"Organization","@id":"https:\/\/www.roxer.ro\/dev\/#organization","name":"Roxer Grup","url":"https:\/\/www.roxer.ro\/dev\/","logo":{"@type":"ImageObject","inLanguage":"ro-RO","@id":"https:\/\/www.roxer.ro\/dev\/#\/schema\/logo\/image\/","url":"https:\/\/www.roxer.ro\/dev\/wp-content\/uploads\/2023\/05\/logo-roxer-1-e1684141209248.png","contentUrl":"https:\/\/www.roxer.ro\/dev\/wp-content\/uploads\/2023\/05\/logo-roxer-1-e1684141209248.png","width":160,"height":57,"caption":"Roxer Grup"},"image":{"@id":"https:\/\/www.roxer.ro\/dev\/#\/schema\/logo\/image\/"}}]}},"_links":{"self":[{"href":"https:\/\/www.roxer.ro\/dev\/wp-json\/wp\/v2\/product\/4639"}],"collection":[{"href":"https:\/\/www.roxer.ro\/dev\/wp-json\/wp\/v2\/product"}],"about":[{"href":"https:\/\/www.roxer.ro\/dev\/wp-json\/wp\/v2\/types\/product"}],"wp:featuredmedia":[{"embeddable":true,"href":"https:\/\/www.roxer.ro\/dev\/wp-json\/wp\/v2\/media\/4640"}],"wp:attachment":[{"href":"https:\/\/www.roxer.ro\/dev\/wp-json\/wp\/v2\/media?parent=4639"}],"wp:term":[{"taxonomy":"product_cat","embeddable":true,"href":"https:\/\/www.roxer.ro\/dev\/wp-json\/wp\/v2\/product_cat?post=4639"},{"taxonomy":"product_tag","embeddable":true,"href":"https:\/\/www.roxer.ro\/dev\/wp-json\/wp\/v2\/product_tag?post=4639"}],"curies":[{"name":"wp","href":"https:\/\/api.w.org\/{rel}","templated":true}]}}