{"id":5352,"date":"2020-10-24T19:26:30","date_gmt":"2020-10-24T19:26:30","guid":{"rendered":"https:\/\/firstdesign.ro\/roxer\/?post_type=product&#038;p=5352"},"modified":"2020-11-23T18:31:39","modified_gmt":"2020-11-23T18:31:39","slug":"xerox-versant-4100-press","status":"publish","type":"product","link":"https:\/\/www.roxer.ro\/dev\/echipament\/xerox-versant-4100-press","title":{"rendered":"Xerox Versant 4100 Press"},"content":{"rendered":"<div class=\"xrx-fw-css-grid-container\">\n<div class=\"xrx-fw-css-grid-row xrx-be-product-components-wrapper\">\n<div id=\"Performan\u021b\u0103\" class=\"xrx-fw-product-component-wrapper xrx-fw-product-component-wrapper--align-center \">\n<div class=\"xrx-fw-product-component-wrapper__title\">\n<h2>Performan\u021b\u0103<\/h2>\n<\/div>\n<div class=\"xrx-fw-spec-table \">\n<table>\n<tbody>\n<tr>\n<th>Vitez\u0103 nominal\u0103<\/th>\n<td>\n<ul>\n<li>100 PPM (A4), 52-300 gsm<\/li>\n<li>80 PPM (A4), 301-400 gsm<\/li>\n<li>52 PPM (A3), 52-300 gsm<\/li>\n<li>44 PPM (A3), 301-400 gsm<\/li>\n<\/ul>\n<\/td>\n<\/tr>\n<tr>\n<th>Rezolu\u021bie<\/th>\n<td>\n<ul>\n<li>2400 x 2400 dpi VCSEL ROS claritate, umbre detaliate \u0219i zone luminoase eviden\u0163iate<\/li>\n<li>1200 x 1200 x 10 RIP redare gradien\u021bi mai fini pentru performan\u0163\u0103 Ultra HD<\/li>\n<\/ul>\n<\/td>\n<\/tr>\n<tr>\n<th>Volum mediu recomandat pe lun\u0103<\/th>\n<td>250.000 pagini pe lun\u0103<\/td>\n<\/tr>\n<tr>\n<th>Ciclu de func\u021bionare<\/th>\n<td>1 200.000 pagini pe lun\u0103<\/td>\n<\/tr>\n<tr>\n<th>Line screens<\/th>\n<td>Ecrane Halftone pentru varia\u0163ii mai fine, rezolu\u0163ie mai clar\u0103 \u015fi \u00eembun\u0103t\u0103\u0163it\u0103<\/p>\n<ul>\n<li>150, 175, 200, 210, 300, 600 Clustered Dot<\/li>\n<li>150, 200, 300 Rotated Line Screen<\/li>\n<li>FM Stochastic Screen<\/li>\n<\/ul>\n<\/td>\n<\/tr>\n<\/tbody>\n<\/table>\n<\/div>\n<\/div>\n<\/div>\n<\/div>\n<div class=\"xrx-fw-css-grid-container\">\n<div class=\"xrx-fw-css-grid-row xrx-be-product-components-wrapper\">\n<div id=\"Capacit\u0103\u021bi\" class=\"xrx-fw-product-component-wrapper xrx-fw-product-component-wrapper--align-center \">\n<div class=\"xrx-fw-product-component-wrapper__title\">\n<h2>Capacit\u0103\u021bi<\/h2>\n<\/div>\n<div class=\"xrx-fw-spec-table \">\n<table>\n<tbody>\n<tr>\n<th>Capabilit\u0103\u021bi standard<\/th>\n<td>Tip\u0103rire color<\/td>\n<\/tr>\n<tr>\n<th>Capabilit\u0103\u021bi op\u021bional<\/th>\n<td>Alimentare, stivuire \u0219i finisare de mare capacitate<\/td>\n<\/tr>\n<tr>\n<th>P\u0103r\u021bi imprimate<\/th>\n<td>Duplex<\/td>\n<\/tr>\n<tr>\n<th>MICR<\/th>\n<td>No<\/td>\n<\/tr>\n<\/tbody>\n<\/table>\n<\/div>\n<\/div>\n<\/div>\n<\/div>\n<div class=\"xrx-fw-css-grid-container\">\n<div class=\"xrx-fw-css-grid-row xrx-be-product-components-wrapper\">\n<div id=\"Technologia\" class=\"xrx-fw-product-component-wrapper xrx-fw-product-component-wrapper--align-center \">\n<div class=\"xrx-fw-product-component-wrapper__title\">\n<h2>Technologia<\/h2>\n<\/div>\n<div class=\"xrx-fw-spec-table \">\n<table>\n<tbody>\n<tr>\n<th>Tehnologie color<\/th>\n<td>Automated Colour Quality Suite prin Full Width Array<\/td>\n<\/tr>\n<\/tbody>\n<\/table>\n<\/div>\n<\/div>\n<\/div>\n<\/div>\n<div class=\"xrx-fw-css-grid-container\">\n<div class=\"xrx-fw-css-grid-row xrx-be-product-components-wrapper\">\n<div id=\"Paper-handling\" class=\"xrx-fw-product-component-wrapper xrx-fw-product-component-wrapper--align-center \">\n<div class=\"xrx-fw-product-component-wrapper__title\">\n<h2>Paper handling<\/h2>\n<\/div>\n<div class=\"xrx-fw-spec-table \">\n<table>\n<tbody>\n<tr>\n<th>Surse de h\u00e2rtie<\/th>\n<td>3 standard, 2 cu mare capacitate \u0219i 1 tava manual\u0103<\/td>\n<\/tr>\n<tr>\n<th>Capacitate de h\u00e2rtie standard<\/th>\n<td>3.900 coli<\/td>\n<\/tr>\n<tr>\n<th>Maximum paper capacity with options<\/th>\n<td>9.900 coli<\/td>\n<\/tr>\n<tr>\n<th>Dimensiuni media &#8211; minime<\/th>\n<td>98 mm x 146 mm<\/td>\n<\/tr>\n<tr>\n<th>Dimensiuni media &#8211; maxime<\/th>\n<td>330 mm x 660 mm<\/td>\n<\/tr>\n<tr>\n<th>Greutate media &#8211; minim\u0103<\/th>\n<td>52 gsm<\/td>\n<\/tr>\n<tr>\n<th>Greutate media &#8211; maxim\u0103<\/th>\n<td>400 gsm<\/td>\n<\/tr>\n<tr>\n<th>Tipuri media<\/th>\n<td>H\u00e2rtie cretat\u0103 \u0219i necretat\u0103, h\u00e2rtii colorate, etichete, c\u0103r\u0163i de vizit\u0103, bro\u015furi lucioase, autocolante, h\u00e2rtii durabile\/sintetice, felicit\u0103ri, h\u00e2rtie texturat\u0103, poliesteri \u015fi solu\u0163ii personalizate<br \/>\nSuport pentru lucr\u0103ri mixte<\/td>\n<\/tr>\n<tr>\n<th>Auto Duplex<\/th>\n<td>T\u0103vi de mare capacitate (52 &#8211; 400 gsm)<br \/>\nT\u0103vi standard (52 &#8211; 256 gsm)<br \/>\nDispozitiv de inserare (52 &#8211; 400 gsm)<\/td>\n<\/tr>\n<\/tbody>\n<\/table>\n<\/div>\n<\/div>\n<\/div>\n<\/div>\n<div class=\"xrx-fw-css-grid-container\">\n<div class=\"xrx-fw-css-grid-row xrx-be-product-components-wrapper\">\n<div id=\"Input\" class=\"xrx-fw-product-component-wrapper xrx-fw-product-component-wrapper--align-center \">\n<div class=\"xrx-fw-product-component-wrapper__title\">\n<h2>Input<\/h2>\n<\/div>\n<div class=\"xrx-fw-spec-table \">\n<table>\n<tbody>\n<tr>\n<th>Tray 1<\/th>\n<td>550 coli<\/td>\n<\/tr>\n<tr>\n<th>Tray 2<\/th>\n<td>550 coli<\/td>\n<\/tr>\n<tr>\n<th>Tray 3<\/th>\n<td>550 coli<\/td>\n<\/tr>\n<tr>\n<th>Alimentator de mare capacitate<\/th>\n<td>Modul de alimentare de mare capacitate supradimensionat cu dou\u0103 t\u0103vi avansat dublu (OHCF av.)<\/td>\n<\/tr>\n<tr>\n<th>Dispozitiv de inserare<\/th>\n<td>Dispozitiv de inserare Xerox pentru 250 de coli<\/td>\n<\/tr>\n<\/tbody>\n<\/table>\n<\/div>\n<\/div>\n<\/div>\n<\/div>\n<div class=\"xrx-fw-css-grid-container\">\n<div class=\"xrx-fw-css-grid-row xrx-be-product-components-wrapper\">\n<div id=\"Controlere-imprimare\" class=\"xrx-fw-product-component-wrapper xrx-fw-product-component-wrapper--align-center \">\n<div class=\"xrx-fw-product-component-wrapper__title\">\n<h2>Controlere imprimare<\/h2>\n<\/div>\n<div class=\"xrx-fw-spec-table \">\n<table>\n<tbody>\n<tr>\n<th>Interfe\u021be digitale<\/th>\n<td>\n<ul>\n<li>Xerox<sup>\u00ae<\/sup>\u00a0Server de imprimare EX-P 3100 alimentat prin Fiery<sup>\u00ae<\/sup><\/li>\n<li>Xerox<sup>\u00ae<\/sup>\u00a0Server de imprimare EX 3100alimentat prin Fiery<sup>\u00ae<\/sup><\/li>\n<li>Xerox<sup>\u00ae<\/sup>\u00a0FreeFlow<sup>\u00ae<\/sup>Server de imprimare pentru Xerox<sup>\u00ae<\/sup>\u00a0Versant<sup>\u00ae<\/sup>\u00a03100 Pres\u0103<\/li>\n<\/ul>\n<\/td>\n<\/tr>\n<\/tbody>\n<\/table>\n<\/div>\n<\/div>\n<\/div>\n<\/div>\n<div class=\"xrx-fw-css-grid-container\">\n<div class=\"xrx-fw-css-grid-row xrx-be-product-components-wrapper\">\n<div id=\"Ecologic\" class=\"xrx-fw-product-component-wrapper xrx-fw-product-component-wrapper--align-center \">\n<div class=\"xrx-fw-product-component-wrapper__title\">\n<h2>Ecologic<\/h2>\n<\/div>\n<div class=\"xrx-fw-spec-table \">\n<table>\n<tbody>\n<tr>\n<th>Cerin\u021be electrice<\/th>\n<td>Configura\u021bie de baz\u0103: 208-240 VAC, 50\/60 Hz, 30A (unic\u0103 folosin\u0163\u0103)\/etap\u0103 unic\u0103\/NEMA 14-30<br \/>\nAlimentare electric\u0103 suplimentar\u0103 pentru serverul de imprimare, dispozitivele de alimentare\/finisare<\/p>\n<ul>\n<li>115 VAC 15 Amp pentru 60 Hz sau 220 VAC 10 Amp pentru 50 Hz (emisfera vestic\u0103)<\/li>\n<li>220-240 Vol\u0163i, 10 Amp, 50 Hz (Europa)<\/li>\n<\/ul>\n<\/td>\n<\/tr>\n<tr>\n<th>Dimensiuni<\/th>\n<td>\u00cen\u0103l\u021bime: 1,110 mm<br \/>\nL\u0103\u021bime: 2,670 mm<br \/>\nAd\u00e2ncime: 807 mm<\/td>\n<\/tr>\n<\/tbody>\n<\/table>\n<\/div>\n<\/div>\n<\/div>\n<\/div>\n<div class=\"xrx-fw-css-grid-container\">\n<div class=\"xrx-fw-css-grid-row xrx-be-product-components-wrapper\">\n<div id=\"Certific\u0103ri\" class=\"xrx-fw-product-component-wrapper xrx-fw-product-component-wrapper--align-center \">\n<div class=\"xrx-fw-product-component-wrapper__title\">\n<h2>Certific\u0103ri<\/h2>\n<\/div>\n<div class=\"xrx-fw-spec-table \">\n<table>\n<tbody>\n<tr>\n<th>Sustenabilitate<\/th>\n<td><a href=\"https:\/\/www.xerox.com\/ro-ro\/about\/ehs\/eco-label\">EPEAT<\/a><\/td>\n<\/tr>\n<\/tbody>\n<\/table>\n<\/div>\n<\/div>\n<\/div>\n<\/div>\n","protected":false},"excerpt":{"rendered":"<p><strong>O pres\u0103 versatil\u0103 reinventat\u0103 cu automatizare \u0219i mai inteligent\u0103 pentru control al calit\u0103\u021bii practic f\u0103r\u0103 atingere<\/strong><\/p>\n<div class=\"xrx-fw-product-hero__blurb\">\n<ul class=\"xrx-fw-product-hero__bullets\">\n<li>Simplifica\u021bi \u0219i automatiza\u021bi sarcinile care necesit\u0103 mult timp, cum ar fi alinierea imaginii la suport, densitatea, uniformitate, calibrarea culorii \u0219i profilarea cu Full Width Array (FWA)<\/li>\n<li>Imprima\u021bi materiale de \u00eenalt\u0103 calitate cu tonerul Xerox<sup>\u00ae<\/sup>\u00a0EA pentru rezolu\u021bie Ultra HD incredibil\u0103 de 2400 x 2400 dpi \u0219i redare RIP pe 10 bi\u021bi<\/li>\n<li>Op\u021biunile de alimentare \u0219i finisare versatile v\u0103 permit s\u0103 crea\u021bi exact presa Versant de care ave\u021bi nevoie pentru a construi afacerea dvs.<\/li>\n<li>Xerox<sup>\u00ae<\/sup>\u00a0PredictPrint Media Manager ofer\u0103 gestionare puternic\u0103 a stocului bazat\u0103 \u00een cloud<\/li>\n<\/ul>\n<\/div>\n<p>&nbsp;<\/p>\n","protected":false},"featured_media":5585,"template":"","meta":[],"product_cat":[120,122],"product_tag":[390,419,414,418,389],"yoast_head":"<!-- This site is optimized with the Yoast SEO plugin v20.3 - https:\/\/yoast.com\/wordpress\/plugins\/seo\/ -->\n<title>Xerox Versant 4100 Press - Roxer Grup<\/title>\n<meta name=\"robots\" content=\"noindex, follow, max-snippet:-1, max-image-preview:large, max-video-preview:-1\" \/>\n<meta property=\"og:locale\" content=\"ro_RO\" \/>\n<meta property=\"og:type\" content=\"article\" \/>\n<meta property=\"og:title\" content=\"Xerox Versant 4100 Press - Roxer Grup\" \/>\n<meta property=\"og:description\" content=\"O pres\u0103 versatil\u0103 reinventat\u0103 cu automatizare \u0219i mai inteligent\u0103 pentru control al calit\u0103\u021bii practic f\u0103r\u0103 atingere    Simplifica\u021bi \u0219i automatiza\u021bi sarcinile care necesit\u0103 mult timp, cum ar fi alinierea imaginii la suport, densitatea, uniformitate, calibrarea culorii \u0219i profilarea cu Full Width Array (FWA)  Imprima\u021bi materiale de \u00eenalt\u0103 calitate cu tonerul Xerox\u00ae\u00a0EA pentru rezolu\u021bie Ultra HD incredibil\u0103 de 2400 x 2400 dpi \u0219i redare RIP pe 10 bi\u021bi  Op\u021biunile de alimentare \u0219i finisare versatile v\u0103 permit s\u0103 crea\u021bi exact presa Versant de care ave\u021bi nevoie pentru a construi afacerea dvs.  Xerox\u00ae\u00a0PredictPrint Media Manager ofer\u0103 gestionare puternic\u0103 a stocului bazat\u0103 \u00een cloud   &nbsp;\" \/>\n<meta property=\"og:url\" content=\"https:\/\/www.roxer.ro\/dev\/echipament\/xerox-versant-4100-press\" \/>\n<meta property=\"og:site_name\" content=\"Roxer Grup\" \/>\n<meta property=\"article:modified_time\" content=\"2020-11-23T18:31:39+00:00\" \/>\n<meta property=\"og:image\" content=\"https:\/\/www.roxer.ro\/dev\/wp-content\/uploads\/2020\/10\/xerox-versant-4100-press-roxer.jpg\" \/>\n\t<meta property=\"og:image:width\" content=\"653\" \/>\n\t<meta property=\"og:image:height\" content=\"549\" \/>\n\t<meta property=\"og:image:type\" content=\"image\/jpeg\" \/>\n<meta name=\"twitter:card\" content=\"summary_large_image\" \/>\n<meta name=\"twitter:label1\" content=\"Timp estimat pentru citire\" \/>\n\t<meta name=\"twitter:data1\" content=\"2 minute\" \/>\n<script type=\"application\/ld+json\" class=\"yoast-schema-graph\">{\"@context\":\"https:\/\/schema.org\",\"@graph\":[{\"@type\":\"WebPage\",\"@id\":\"https:\/\/www.roxer.ro\/dev\/echipament\/xerox-versant-4100-press\",\"url\":\"https:\/\/www.roxer.ro\/dev\/echipament\/xerox-versant-4100-press\",\"name\":\"Xerox Versant 4100 Press - Roxer Grup\",\"isPartOf\":{\"@id\":\"https:\/\/www.roxer.ro\/dev\/#website\"},\"datePublished\":\"2020-10-24T19:26:30+00:00\",\"dateModified\":\"2020-11-23T18:31:39+00:00\",\"breadcrumb\":{\"@id\":\"https:\/\/www.roxer.ro\/dev\/echipament\/xerox-versant-4100-press#breadcrumb\"},\"inLanguage\":\"ro-RO\",\"potentialAction\":[{\"@type\":\"ReadAction\",\"target\":[\"https:\/\/www.roxer.ro\/dev\/echipament\/xerox-versant-4100-press\"]}]},{\"@type\":\"BreadcrumbList\",\"@id\":\"https:\/\/www.roxer.ro\/dev\/echipament\/xerox-versant-4100-press#breadcrumb\",\"itemListElement\":[{\"@type\":\"ListItem\",\"position\":1,\"name\":\"Prima pagin\u0103\",\"item\":\"https:\/\/www.roxer.ro\/dev\/\"},{\"@type\":\"ListItem\",\"position\":2,\"name\":\"Echipamente\",\"item\":\"https:\/\/www.roxer.ro\/dev\/echipamente\"},{\"@type\":\"ListItem\",\"position\":3,\"name\":\"Xerox Versant 4100 Press\"}]},{\"@type\":\"WebSite\",\"@id\":\"https:\/\/www.roxer.ro\/dev\/#website\",\"url\":\"https:\/\/www.roxer.ro\/dev\/\",\"name\":\"Roxer Grup\",\"description\":\"Xerox Cluj Napoca, Distribuitor Xerox Cluj, distribuitor Xerox S\u0103laj, distribuitor Xerox Bihor, distribuitor Xerox Maramure\u015f, distribuitor Xerox Bistri\u0163a N\u0103s\u0103ud, distribuitor Xerox Satu Mare\",\"publisher\":{\"@id\":\"https:\/\/www.roxer.ro\/dev\/#organization\"},\"potentialAction\":[{\"@type\":\"SearchAction\",\"target\":{\"@type\":\"EntryPoint\",\"urlTemplate\":\"https:\/\/www.roxer.ro\/dev\/?s={search_term_string}\"},\"query-input\":\"required name=search_term_string\"}],\"inLanguage\":\"ro-RO\"},{\"@type\":\"Organization\",\"@id\":\"https:\/\/www.roxer.ro\/dev\/#organization\",\"name\":\"Roxer Grup\",\"url\":\"https:\/\/www.roxer.ro\/dev\/\",\"logo\":{\"@type\":\"ImageObject\",\"inLanguage\":\"ro-RO\",\"@id\":\"https:\/\/www.roxer.ro\/dev\/#\/schema\/logo\/image\/\",\"url\":\"https:\/\/www.roxer.ro\/dev\/wp-content\/uploads\/2023\/05\/logo-roxer-1-e1684141209248.png\",\"contentUrl\":\"https:\/\/www.roxer.ro\/dev\/wp-content\/uploads\/2023\/05\/logo-roxer-1-e1684141209248.png\",\"width\":160,\"height\":57,\"caption\":\"Roxer Grup\"},\"image\":{\"@id\":\"https:\/\/www.roxer.ro\/dev\/#\/schema\/logo\/image\/\"}}]}<\/script>\n<!-- \/ Yoast SEO plugin. -->","yoast_head_json":{"title":"Xerox Versant 4100 Press - Roxer Grup","robots":{"index":"noindex","follow":"follow","max-snippet":"max-snippet:-1","max-image-preview":"max-image-preview:large","max-video-preview":"max-video-preview:-1"},"og_locale":"ro_RO","og_type":"article","og_title":"Xerox Versant 4100 Press - Roxer Grup","og_description":"O pres\u0103 versatil\u0103 reinventat\u0103 cu automatizare \u0219i mai inteligent\u0103 pentru control al calit\u0103\u021bii practic f\u0103r\u0103 atingere    Simplifica\u021bi \u0219i automatiza\u021bi sarcinile care necesit\u0103 mult timp, cum ar fi alinierea imaginii la suport, densitatea, uniformitate, calibrarea culorii \u0219i profilarea cu Full Width Array (FWA)  Imprima\u021bi materiale de \u00eenalt\u0103 calitate cu tonerul Xerox\u00ae\u00a0EA pentru rezolu\u021bie Ultra HD incredibil\u0103 de 2400 x 2400 dpi \u0219i redare RIP pe 10 bi\u021bi  Op\u021biunile de alimentare \u0219i finisare versatile v\u0103 permit s\u0103 crea\u021bi exact presa Versant de care ave\u021bi nevoie pentru a construi afacerea dvs.  Xerox\u00ae\u00a0PredictPrint Media Manager ofer\u0103 gestionare puternic\u0103 a stocului bazat\u0103 \u00een cloud   &nbsp;","og_url":"https:\/\/www.roxer.ro\/dev\/echipament\/xerox-versant-4100-press","og_site_name":"Roxer Grup","article_modified_time":"2020-11-23T18:31:39+00:00","og_image":[{"width":653,"height":549,"url":"https:\/\/www.roxer.ro\/dev\/wp-content\/uploads\/2020\/10\/xerox-versant-4100-press-roxer.jpg","type":"image\/jpeg"}],"twitter_card":"summary_large_image","twitter_misc":{"Timp estimat pentru citire":"2 minute"},"schema":{"@context":"https:\/\/schema.org","@graph":[{"@type":"WebPage","@id":"https:\/\/www.roxer.ro\/dev\/echipament\/xerox-versant-4100-press","url":"https:\/\/www.roxer.ro\/dev\/echipament\/xerox-versant-4100-press","name":"Xerox Versant 4100 Press - Roxer Grup","isPartOf":{"@id":"https:\/\/www.roxer.ro\/dev\/#website"},"datePublished":"2020-10-24T19:26:30+00:00","dateModified":"2020-11-23T18:31:39+00:00","breadcrumb":{"@id":"https:\/\/www.roxer.ro\/dev\/echipament\/xerox-versant-4100-press#breadcrumb"},"inLanguage":"ro-RO","potentialAction":[{"@type":"ReadAction","target":["https:\/\/www.roxer.ro\/dev\/echipament\/xerox-versant-4100-press"]}]},{"@type":"BreadcrumbList","@id":"https:\/\/www.roxer.ro\/dev\/echipament\/xerox-versant-4100-press#breadcrumb","itemListElement":[{"@type":"ListItem","position":1,"name":"Prima pagin\u0103","item":"https:\/\/www.roxer.ro\/dev\/"},{"@type":"ListItem","position":2,"name":"Echipamente","item":"https:\/\/www.roxer.ro\/dev\/echipamente"},{"@type":"ListItem","position":3,"name":"Xerox Versant 4100 Press"}]},{"@type":"WebSite","@id":"https:\/\/www.roxer.ro\/dev\/#website","url":"https:\/\/www.roxer.ro\/dev\/","name":"Roxer Grup","description":"Xerox Cluj Napoca, Distribuitor Xerox Cluj, distribuitor Xerox S\u0103laj, distribuitor Xerox Bihor, distribuitor Xerox Maramure\u015f, distribuitor Xerox Bistri\u0163a N\u0103s\u0103ud, distribuitor Xerox Satu Mare","publisher":{"@id":"https:\/\/www.roxer.ro\/dev\/#organization"},"potentialAction":[{"@type":"SearchAction","target":{"@type":"EntryPoint","urlTemplate":"https:\/\/www.roxer.ro\/dev\/?s={search_term_string}"},"query-input":"required name=search_term_string"}],"inLanguage":"ro-RO"},{"@type":"Organization","@id":"https:\/\/www.roxer.ro\/dev\/#organization","name":"Roxer Grup","url":"https:\/\/www.roxer.ro\/dev\/","logo":{"@type":"ImageObject","inLanguage":"ro-RO","@id":"https:\/\/www.roxer.ro\/dev\/#\/schema\/logo\/image\/","url":"https:\/\/www.roxer.ro\/dev\/wp-content\/uploads\/2023\/05\/logo-roxer-1-e1684141209248.png","contentUrl":"https:\/\/www.roxer.ro\/dev\/wp-content\/uploads\/2023\/05\/logo-roxer-1-e1684141209248.png","width":160,"height":57,"caption":"Roxer Grup"},"image":{"@id":"https:\/\/www.roxer.ro\/dev\/#\/schema\/logo\/image\/"}}]}},"_links":{"self":[{"href":"https:\/\/www.roxer.ro\/dev\/wp-json\/wp\/v2\/product\/5352"}],"collection":[{"href":"https:\/\/www.roxer.ro\/dev\/wp-json\/wp\/v2\/product"}],"about":[{"href":"https:\/\/www.roxer.ro\/dev\/wp-json\/wp\/v2\/types\/product"}],"wp:featuredmedia":[{"embeddable":true,"href":"https:\/\/www.roxer.ro\/dev\/wp-json\/wp\/v2\/media\/5585"}],"wp:attachment":[{"href":"https:\/\/www.roxer.ro\/dev\/wp-json\/wp\/v2\/media?parent=5352"}],"wp:term":[{"taxonomy":"product_cat","embeddable":true,"href":"https:\/\/www.roxer.ro\/dev\/wp-json\/wp\/v2\/product_cat?post=5352"},{"taxonomy":"product_tag","embeddable":true,"href":"https:\/\/www.roxer.ro\/dev\/wp-json\/wp\/v2\/product_tag?post=5352"}],"curies":[{"name":"wp","href":"https:\/\/api.w.org\/{rel}","templated":true}]}}