{"id":6567,"date":"2021-07-28T20:30:08","date_gmt":"2021-07-28T20:30:08","guid":{"rendered":"https:\/\/www.roxer.ro\/?post_type=product&#038;p=6567"},"modified":"2021-09-30T15:25:32","modified_gmt":"2021-09-30T15:25:32","slug":"xerox-c230-imprimanta-a4-color","status":"publish","type":"product","link":"https:\/\/www.roxer.ro\/dev\/echipament\/xerox-c230-imprimanta-a4-color","title":{"rendered":"Xerox C230 &#8211; Imprimant\u0103 A4 color"},"content":{"rendered":"<p>Compatibil cu sistemele de operare: Windows\u00ae 7 SP1, 8, 8.1 Update 1, 10. Windows Server\u00ae 2008 SP2 (32- and 64-bit), Windows Server 2008 R2 SP1, Windows Server 2012, Windows Server 2012 R2, Windows Server 2019, macOS 10.14, 10.15, 11.<\/p>\n<p>Tava preluare h\u00e2rtie 250 coli, A4, A5, A6, dimensiuni personalizate 100 x 148 mm p\u00e2n\u0103 la 216 x 340 mm;<\/p>\n<p>Tav\u0103 ie\u015fire: 100 coli;<\/p>\n<p>GSM: 60 p\u00e2n\u0103 la 176;<\/p>\n<p>Con\u0163inutul pachetului: Multifunc\u0163ionala Xerox C230, tonere start de p\u00e2n\u0103 la 500 coli, Soft \u015fi documenta\u0163ie pe CD, cablu alimentare;<\/p>\n<p>Tonere: Standard 1500 pagini \/ High Capacity 3000 black, 2500 color;<\/p>\n<p>&nbsp;<\/p>\n","protected":false},"excerpt":{"rendered":"<p>Performan\u0163\u0103<\/p>\n<ul>\n<li>Viteza de imprimare: 22 pagini pe minut color\/monocrom;<\/li>\n<li>Imprimarea primei pagini: Color 14 secunde \/ Monocrom 10.5 secunde;<\/li>\n<li>Memorie standard\/maxim:<\/li>\n<li>Procesor: 1 GHz Dual Core;<\/li>\n<li>Memorie: 256 MB;<\/li>\n<li>Volum lunar maxim: 30.000 pagini A4;<\/li>\n<li>Volum lunar recomandat: 1500 pagini A4;<\/li>\n<li>Printare Duplex: Da;<\/li>\n<li>Rezolu\u0163ie printare: 600 x 600 dpi \/ 4800 Color Quality;<\/li>\n<\/ul>\n","protected":false},"featured_media":6616,"template":"","meta":[],"product_cat":[114],"product_tag":[487],"yoast_head":"<!-- This site is optimized with the Yoast SEO plugin v20.3 - https:\/\/yoast.com\/wordpress\/plugins\/seo\/ -->\n<title>Xerox C230 - Imprimant\u0103 A4 color - Roxer Grup<\/title>\n<meta name=\"description\" content=\"Imprimanta A4 color Xerox perfect\u0103 pentru \u015fcoal\u0103, dotat\u0103 cu wireless, printare de pe mobil, laptop, Iphone, Samsung, Android, Huawei.\" \/>\n<meta name=\"robots\" content=\"noindex, follow, max-snippet:-1, max-image-preview:large, max-video-preview:-1\" \/>\n<meta property=\"og:locale\" content=\"ro_RO\" \/>\n<meta property=\"og:type\" content=\"article\" \/>\n<meta property=\"og:title\" content=\"Xerox C230 - Imprimant\u0103 A4 color - Roxer Grup\" \/>\n<meta property=\"og:description\" content=\"Imprimanta A4 color Xerox perfect\u0103 pentru \u015fcoal\u0103, dotat\u0103 cu wireless, printare de pe mobil, laptop, Iphone, Samsung, Android, Huawei.\" \/>\n<meta property=\"og:url\" content=\"https:\/\/www.roxer.ro\/dev\/echipament\/xerox-c230-imprimanta-a4-color\" \/>\n<meta property=\"og:site_name\" content=\"Roxer Grup\" \/>\n<meta property=\"article:modified_time\" content=\"2021-09-30T15:25:32+00:00\" \/>\n<meta property=\"og:image\" content=\"https:\/\/www.roxer.ro\/dev\/wp-content\/uploads\/2021\/09\/imprimanta-Xerox-color-C230.jpg\" \/>\n\t<meta property=\"og:image:width\" content=\"343\" \/>\n\t<meta property=\"og:image:height\" content=\"295\" \/>\n\t<meta property=\"og:image:type\" content=\"image\/jpeg\" \/>\n<meta name=\"twitter:card\" content=\"summary_large_image\" \/>\n<meta name=\"twitter:label1\" content=\"Timp estimat pentru citire\" \/>\n\t<meta name=\"twitter:data1\" content=\"1 minut\" \/>\n<script type=\"application\/ld+json\" class=\"yoast-schema-graph\">{\"@context\":\"https:\/\/schema.org\",\"@graph\":[{\"@type\":\"WebPage\",\"@id\":\"https:\/\/www.roxer.ro\/dev\/echipament\/xerox-c230-imprimanta-a4-color\",\"url\":\"https:\/\/www.roxer.ro\/dev\/echipament\/xerox-c230-imprimanta-a4-color\",\"name\":\"Xerox C230 - Imprimant\u0103 A4 color - Roxer Grup\",\"isPartOf\":{\"@id\":\"https:\/\/www.roxer.ro\/dev\/#website\"},\"datePublished\":\"2021-07-28T20:30:08+00:00\",\"dateModified\":\"2021-09-30T15:25:32+00:00\",\"description\":\"Imprimanta A4 color Xerox perfect\u0103 pentru \u015fcoal\u0103, dotat\u0103 cu wireless, printare de pe mobil, laptop, Iphone, Samsung, Android, Huawei.\",\"breadcrumb\":{\"@id\":\"https:\/\/www.roxer.ro\/dev\/echipament\/xerox-c230-imprimanta-a4-color#breadcrumb\"},\"inLanguage\":\"ro-RO\",\"potentialAction\":[{\"@type\":\"ReadAction\",\"target\":[\"https:\/\/www.roxer.ro\/dev\/echipament\/xerox-c230-imprimanta-a4-color\"]}]},{\"@type\":\"BreadcrumbList\",\"@id\":\"https:\/\/www.roxer.ro\/dev\/echipament\/xerox-c230-imprimanta-a4-color#breadcrumb\",\"itemListElement\":[{\"@type\":\"ListItem\",\"position\":1,\"name\":\"Prima pagin\u0103\",\"item\":\"https:\/\/www.roxer.ro\/dev\/\"},{\"@type\":\"ListItem\",\"position\":2,\"name\":\"Echipamente\",\"item\":\"https:\/\/www.roxer.ro\/dev\/echipamente\"},{\"@type\":\"ListItem\",\"position\":3,\"name\":\"Xerox C230 &#8211; Imprimant\u0103 A4 color\"}]},{\"@type\":\"WebSite\",\"@id\":\"https:\/\/www.roxer.ro\/dev\/#website\",\"url\":\"https:\/\/www.roxer.ro\/dev\/\",\"name\":\"Roxer Grup\",\"description\":\"Xerox Cluj Napoca, Distribuitor Xerox Cluj, distribuitor Xerox S\u0103laj, distribuitor Xerox Bihor, distribuitor Xerox Maramure\u015f, distribuitor Xerox Bistri\u0163a N\u0103s\u0103ud, distribuitor Xerox Satu Mare\",\"publisher\":{\"@id\":\"https:\/\/www.roxer.ro\/dev\/#organization\"},\"potentialAction\":[{\"@type\":\"SearchAction\",\"target\":{\"@type\":\"EntryPoint\",\"urlTemplate\":\"https:\/\/www.roxer.ro\/dev\/?s={search_term_string}\"},\"query-input\":\"required name=search_term_string\"}],\"inLanguage\":\"ro-RO\"},{\"@type\":\"Organization\",\"@id\":\"https:\/\/www.roxer.ro\/dev\/#organization\",\"name\":\"Roxer Grup\",\"url\":\"https:\/\/www.roxer.ro\/dev\/\",\"logo\":{\"@type\":\"ImageObject\",\"inLanguage\":\"ro-RO\",\"@id\":\"https:\/\/www.roxer.ro\/dev\/#\/schema\/logo\/image\/\",\"url\":\"https:\/\/www.roxer.ro\/dev\/wp-content\/uploads\/2023\/05\/logo-roxer-1-e1684141209248.png\",\"contentUrl\":\"https:\/\/www.roxer.ro\/dev\/wp-content\/uploads\/2023\/05\/logo-roxer-1-e1684141209248.png\",\"width\":160,\"height\":57,\"caption\":\"Roxer Grup\"},\"image\":{\"@id\":\"https:\/\/www.roxer.ro\/dev\/#\/schema\/logo\/image\/\"}}]}<\/script>\n<!-- \/ Yoast SEO plugin. -->","yoast_head_json":{"title":"Xerox C230 - Imprimant\u0103 A4 color - Roxer Grup","description":"Imprimanta A4 color Xerox perfect\u0103 pentru \u015fcoal\u0103, dotat\u0103 cu wireless, printare de pe mobil, laptop, Iphone, Samsung, Android, Huawei.","robots":{"index":"noindex","follow":"follow","max-snippet":"max-snippet:-1","max-image-preview":"max-image-preview:large","max-video-preview":"max-video-preview:-1"},"og_locale":"ro_RO","og_type":"article","og_title":"Xerox C230 - Imprimant\u0103 A4 color - Roxer Grup","og_description":"Imprimanta A4 color Xerox perfect\u0103 pentru \u015fcoal\u0103, dotat\u0103 cu wireless, printare de pe mobil, laptop, Iphone, Samsung, Android, Huawei.","og_url":"https:\/\/www.roxer.ro\/dev\/echipament\/xerox-c230-imprimanta-a4-color","og_site_name":"Roxer Grup","article_modified_time":"2021-09-30T15:25:32+00:00","og_image":[{"width":343,"height":295,"url":"https:\/\/www.roxer.ro\/dev\/wp-content\/uploads\/2021\/09\/imprimanta-Xerox-color-C230.jpg","type":"image\/jpeg"}],"twitter_card":"summary_large_image","twitter_misc":{"Timp estimat pentru citire":"1 minut"},"schema":{"@context":"https:\/\/schema.org","@graph":[{"@type":"WebPage","@id":"https:\/\/www.roxer.ro\/dev\/echipament\/xerox-c230-imprimanta-a4-color","url":"https:\/\/www.roxer.ro\/dev\/echipament\/xerox-c230-imprimanta-a4-color","name":"Xerox C230 - Imprimant\u0103 A4 color - Roxer Grup","isPartOf":{"@id":"https:\/\/www.roxer.ro\/dev\/#website"},"datePublished":"2021-07-28T20:30:08+00:00","dateModified":"2021-09-30T15:25:32+00:00","description":"Imprimanta A4 color Xerox perfect\u0103 pentru \u015fcoal\u0103, dotat\u0103 cu wireless, printare de pe mobil, laptop, Iphone, Samsung, Android, Huawei.","breadcrumb":{"@id":"https:\/\/www.roxer.ro\/dev\/echipament\/xerox-c230-imprimanta-a4-color#breadcrumb"},"inLanguage":"ro-RO","potentialAction":[{"@type":"ReadAction","target":["https:\/\/www.roxer.ro\/dev\/echipament\/xerox-c230-imprimanta-a4-color"]}]},{"@type":"BreadcrumbList","@id":"https:\/\/www.roxer.ro\/dev\/echipament\/xerox-c230-imprimanta-a4-color#breadcrumb","itemListElement":[{"@type":"ListItem","position":1,"name":"Prima pagin\u0103","item":"https:\/\/www.roxer.ro\/dev\/"},{"@type":"ListItem","position":2,"name":"Echipamente","item":"https:\/\/www.roxer.ro\/dev\/echipamente"},{"@type":"ListItem","position":3,"name":"Xerox C230 &#8211; Imprimant\u0103 A4 color"}]},{"@type":"WebSite","@id":"https:\/\/www.roxer.ro\/dev\/#website","url":"https:\/\/www.roxer.ro\/dev\/","name":"Roxer Grup","description":"Xerox Cluj Napoca, Distribuitor Xerox Cluj, distribuitor Xerox S\u0103laj, distribuitor Xerox Bihor, distribuitor Xerox Maramure\u015f, distribuitor Xerox Bistri\u0163a N\u0103s\u0103ud, distribuitor Xerox Satu Mare","publisher":{"@id":"https:\/\/www.roxer.ro\/dev\/#organization"},"potentialAction":[{"@type":"SearchAction","target":{"@type":"EntryPoint","urlTemplate":"https:\/\/www.roxer.ro\/dev\/?s={search_term_string}"},"query-input":"required name=search_term_string"}],"inLanguage":"ro-RO"},{"@type":"Organization","@id":"https:\/\/www.roxer.ro\/dev\/#organization","name":"Roxer Grup","url":"https:\/\/www.roxer.ro\/dev\/","logo":{"@type":"ImageObject","inLanguage":"ro-RO","@id":"https:\/\/www.roxer.ro\/dev\/#\/schema\/logo\/image\/","url":"https:\/\/www.roxer.ro\/dev\/wp-content\/uploads\/2023\/05\/logo-roxer-1-e1684141209248.png","contentUrl":"https:\/\/www.roxer.ro\/dev\/wp-content\/uploads\/2023\/05\/logo-roxer-1-e1684141209248.png","width":160,"height":57,"caption":"Roxer Grup"},"image":{"@id":"https:\/\/www.roxer.ro\/dev\/#\/schema\/logo\/image\/"}}]}},"_links":{"self":[{"href":"https:\/\/www.roxer.ro\/dev\/wp-json\/wp\/v2\/product\/6567"}],"collection":[{"href":"https:\/\/www.roxer.ro\/dev\/wp-json\/wp\/v2\/product"}],"about":[{"href":"https:\/\/www.roxer.ro\/dev\/wp-json\/wp\/v2\/types\/product"}],"wp:featuredmedia":[{"embeddable":true,"href":"https:\/\/www.roxer.ro\/dev\/wp-json\/wp\/v2\/media\/6616"}],"wp:attachment":[{"href":"https:\/\/www.roxer.ro\/dev\/wp-json\/wp\/v2\/media?parent=6567"}],"wp:term":[{"taxonomy":"product_cat","embeddable":true,"href":"https:\/\/www.roxer.ro\/dev\/wp-json\/wp\/v2\/product_cat?post=6567"},{"taxonomy":"product_tag","embeddable":true,"href":"https:\/\/www.roxer.ro\/dev\/wp-json\/wp\/v2\/product_tag?post=6567"}],"curies":[{"name":"wp","href":"https:\/\/api.w.org\/{rel}","templated":true}]}}