{"id":6571,"date":"2021-07-28T20:46:03","date_gmt":"2021-07-28T20:46:03","guid":{"rendered":"https:\/\/www.roxer.ro\/?post_type=product&#038;p=6571"},"modified":"2021-11-01T09:21:19","modified_gmt":"2021-11-01T09:21:19","slug":"xerox-b235-multifunctionala-a4-monocrom","status":"publish","type":"product","link":"https:\/\/www.roxer.ro\/dev\/echipament\/xerox-b235-multifunctionala-a4-monocrom","title":{"rendered":"Xerox B235 &#8211; Imprimant\u0103 multifunc\u0163ional\u0103 A4 monocrom"},"content":{"rendered":"<p><strong>Con\u0163inutul pachetului:<\/strong> Imprimanta multfunc\u0163ional\u0103 Xerox B235, toner start de p\u00e2n\u0103 la 1200 pagini, Soft \u015fi documenta\u0163ie pe CD, cablu alimentare;<\/p>\n<p><strong>Tava preluare h\u00e2rtie<\/strong> 250 coli, A4, A5, A6, dimensiuni personalizate 100 x 148 mm p\u00e2n\u0103 la 216 x 340 mm;<\/p>\n<p><strong>Tav\u0103 ie\u015fire:<\/strong> 150 coli;<\/p>\n<p><strong>GSM:<\/strong> 60 p\u00e2n\u0103 la 200;<\/p>\n<p><strong>Tonere:<\/strong> Standard 1200 pagini \/ High Capacity 3000 black;<\/p>\n<p><strong>Compatibil cu sistemele de operare:<\/strong> Windows\u00ae 7 SP1, 8, 8.1 Update 1, 10. Windows Server\u00ae 2008 SP2 (32- and 64-bit), Windows Server 2008 R2 SP1, Windows Server 2012, Windows Server 2012 R2, Windows Server 2019, macOS 10.14, 10.15, 11.<\/p>\n<p>\u00cenlocuie\u015fte echipamentul <a href=\"https:\/\/www.roxer.ro\/echipament\/imprimanta-multifunctionala-xerox-b215\">Xerox B215<\/a><\/p>\n","protected":false},"excerpt":{"rendered":"<p>Performan\u0163\u0103<\/p>\n<ul>\n<li>Viteza de imprimare: 34 pagini pe minut color\/monocrom;<\/li>\n<li>Apple AirPrint, ChromeBook, Mopria, Wi-Fi Direct;<\/li>\n<li>Ecran tactil color de 2.4 inch;<\/li>\n<li>Imprimarea primei pagini:\u00a0 Monocrom 6.4 secunde;<\/li>\n<li>Memorie standard\/maxim:<\/li>\n<li>Procesor: 1 GHz Dual Core;<\/li>\n<li>Memorie: 512 MB;<\/li>\n<li>Volum lunar maxim: 30.000 pagini A4;<\/li>\n<li>Volum lunar recomandat: 2500 pagini A4;<\/li>\n<li>Printare Duplex: Da;<\/li>\n<li>Rezolu\u0163ie printare: 600 x 600 dpi \/ 1200 Image Quality;<\/li>\n<li>Fax<\/li>\n<\/ul>\n","protected":false},"featured_media":6638,"template":"","meta":[],"product_cat":[15,115],"product_tag":[467,488],"yoast_head":"<!-- This site is optimized with the Yoast SEO plugin v20.3 - https:\/\/yoast.com\/wordpress\/plugins\/seo\/ -->\n<title>Xerox B235 - Imprimant\u0103 multifunc\u0163ional\u0103 A4 monocrom - Roxer Grup<\/title>\n<meta name=\"description\" content=\"Multifunctionala perfecta A4 alb-negru pentru acasa, scoala, birou, printare de pe chromebook, android, iPhone, Huawei, Fax.\" \/>\n<meta name=\"robots\" content=\"noindex, follow, max-snippet:-1, max-image-preview:large, max-video-preview:-1\" \/>\n<meta property=\"og:locale\" content=\"ro_RO\" \/>\n<meta property=\"og:type\" content=\"article\" \/>\n<meta property=\"og:title\" content=\"Xerox B235 - Imprimant\u0103 multifunc\u0163ional\u0103 A4 monocrom - Roxer Grup\" \/>\n<meta property=\"og:description\" content=\"Multifunctionala perfecta A4 alb-negru pentru acasa, scoala, birou, printare de pe chromebook, android, iPhone, Huawei, Fax.\" \/>\n<meta property=\"og:url\" content=\"https:\/\/www.roxer.ro\/dev\/echipament\/xerox-b235-multifunctionala-a4-monocrom\" \/>\n<meta property=\"og:site_name\" content=\"Roxer Grup\" \/>\n<meta property=\"article:modified_time\" content=\"2021-11-01T09:21:19+00:00\" \/>\n<meta property=\"og:image\" content=\"https:\/\/www.roxer.ro\/dev\/wp-content\/uploads\/2021\/07\/imprimanta-multifunctionala-xerox-b235-roxer.jpg\" \/>\n\t<meta property=\"og:image:width\" content=\"400\" \/>\n\t<meta property=\"og:image:height\" content=\"300\" \/>\n\t<meta property=\"og:image:type\" content=\"image\/jpeg\" \/>\n<meta name=\"twitter:card\" content=\"summary_large_image\" \/>\n<meta name=\"twitter:label1\" content=\"Timp estimat pentru citire\" \/>\n\t<meta name=\"twitter:data1\" content=\"1 minut\" \/>\n<script type=\"application\/ld+json\" class=\"yoast-schema-graph\">{\"@context\":\"https:\/\/schema.org\",\"@graph\":[{\"@type\":\"WebPage\",\"@id\":\"https:\/\/www.roxer.ro\/dev\/echipament\/xerox-b235-multifunctionala-a4-monocrom\",\"url\":\"https:\/\/www.roxer.ro\/dev\/echipament\/xerox-b235-multifunctionala-a4-monocrom\",\"name\":\"Xerox B235 - Imprimant\u0103 multifunc\u0163ional\u0103 A4 monocrom - Roxer Grup\",\"isPartOf\":{\"@id\":\"https:\/\/www.roxer.ro\/dev\/#website\"},\"datePublished\":\"2021-07-28T20:46:03+00:00\",\"dateModified\":\"2021-11-01T09:21:19+00:00\",\"description\":\"Multifunctionala perfecta A4 alb-negru pentru acasa, scoala, birou, printare de pe chromebook, android, iPhone, Huawei, Fax.\",\"breadcrumb\":{\"@id\":\"https:\/\/www.roxer.ro\/dev\/echipament\/xerox-b235-multifunctionala-a4-monocrom#breadcrumb\"},\"inLanguage\":\"ro-RO\",\"potentialAction\":[{\"@type\":\"ReadAction\",\"target\":[\"https:\/\/www.roxer.ro\/dev\/echipament\/xerox-b235-multifunctionala-a4-monocrom\"]}]},{\"@type\":\"BreadcrumbList\",\"@id\":\"https:\/\/www.roxer.ro\/dev\/echipament\/xerox-b235-multifunctionala-a4-monocrom#breadcrumb\",\"itemListElement\":[{\"@type\":\"ListItem\",\"position\":1,\"name\":\"Prima pagin\u0103\",\"item\":\"https:\/\/www.roxer.ro\/dev\/\"},{\"@type\":\"ListItem\",\"position\":2,\"name\":\"Echipamente\",\"item\":\"https:\/\/www.roxer.ro\/dev\/echipamente\"},{\"@type\":\"ListItem\",\"position\":3,\"name\":\"Xerox B235 &#8211; Imprimant\u0103 multifunc\u0163ional\u0103 A4 monocrom\"}]},{\"@type\":\"WebSite\",\"@id\":\"https:\/\/www.roxer.ro\/dev\/#website\",\"url\":\"https:\/\/www.roxer.ro\/dev\/\",\"name\":\"Roxer Grup\",\"description\":\"Xerox Cluj Napoca, Distribuitor Xerox Cluj, distribuitor Xerox S\u0103laj, distribuitor Xerox Bihor, distribuitor Xerox Maramure\u015f, distribuitor Xerox Bistri\u0163a N\u0103s\u0103ud, distribuitor Xerox Satu Mare\",\"publisher\":{\"@id\":\"https:\/\/www.roxer.ro\/dev\/#organization\"},\"potentialAction\":[{\"@type\":\"SearchAction\",\"target\":{\"@type\":\"EntryPoint\",\"urlTemplate\":\"https:\/\/www.roxer.ro\/dev\/?s={search_term_string}\"},\"query-input\":\"required name=search_term_string\"}],\"inLanguage\":\"ro-RO\"},{\"@type\":\"Organization\",\"@id\":\"https:\/\/www.roxer.ro\/dev\/#organization\",\"name\":\"Roxer Grup\",\"url\":\"https:\/\/www.roxer.ro\/dev\/\",\"logo\":{\"@type\":\"ImageObject\",\"inLanguage\":\"ro-RO\",\"@id\":\"https:\/\/www.roxer.ro\/dev\/#\/schema\/logo\/image\/\",\"url\":\"https:\/\/www.roxer.ro\/dev\/wp-content\/uploads\/2023\/05\/logo-roxer-1-e1684141209248.png\",\"contentUrl\":\"https:\/\/www.roxer.ro\/dev\/wp-content\/uploads\/2023\/05\/logo-roxer-1-e1684141209248.png\",\"width\":160,\"height\":57,\"caption\":\"Roxer Grup\"},\"image\":{\"@id\":\"https:\/\/www.roxer.ro\/dev\/#\/schema\/logo\/image\/\"}}]}<\/script>\n<!-- \/ Yoast SEO plugin. -->","yoast_head_json":{"title":"Xerox B235 - Imprimant\u0103 multifunc\u0163ional\u0103 A4 monocrom - Roxer Grup","description":"Multifunctionala perfecta A4 alb-negru pentru acasa, scoala, birou, printare de pe chromebook, android, iPhone, Huawei, Fax.","robots":{"index":"noindex","follow":"follow","max-snippet":"max-snippet:-1","max-image-preview":"max-image-preview:large","max-video-preview":"max-video-preview:-1"},"og_locale":"ro_RO","og_type":"article","og_title":"Xerox B235 - Imprimant\u0103 multifunc\u0163ional\u0103 A4 monocrom - Roxer Grup","og_description":"Multifunctionala perfecta A4 alb-negru pentru acasa, scoala, birou, printare de pe chromebook, android, iPhone, Huawei, Fax.","og_url":"https:\/\/www.roxer.ro\/dev\/echipament\/xerox-b235-multifunctionala-a4-monocrom","og_site_name":"Roxer Grup","article_modified_time":"2021-11-01T09:21:19+00:00","og_image":[{"width":400,"height":300,"url":"https:\/\/www.roxer.ro\/dev\/wp-content\/uploads\/2021\/07\/imprimanta-multifunctionala-xerox-b235-roxer.jpg","type":"image\/jpeg"}],"twitter_card":"summary_large_image","twitter_misc":{"Timp estimat pentru citire":"1 minut"},"schema":{"@context":"https:\/\/schema.org","@graph":[{"@type":"WebPage","@id":"https:\/\/www.roxer.ro\/dev\/echipament\/xerox-b235-multifunctionala-a4-monocrom","url":"https:\/\/www.roxer.ro\/dev\/echipament\/xerox-b235-multifunctionala-a4-monocrom","name":"Xerox B235 - Imprimant\u0103 multifunc\u0163ional\u0103 A4 monocrom - Roxer Grup","isPartOf":{"@id":"https:\/\/www.roxer.ro\/dev\/#website"},"datePublished":"2021-07-28T20:46:03+00:00","dateModified":"2021-11-01T09:21:19+00:00","description":"Multifunctionala perfecta A4 alb-negru pentru acasa, scoala, birou, printare de pe chromebook, android, iPhone, Huawei, Fax.","breadcrumb":{"@id":"https:\/\/www.roxer.ro\/dev\/echipament\/xerox-b235-multifunctionala-a4-monocrom#breadcrumb"},"inLanguage":"ro-RO","potentialAction":[{"@type":"ReadAction","target":["https:\/\/www.roxer.ro\/dev\/echipament\/xerox-b235-multifunctionala-a4-monocrom"]}]},{"@type":"BreadcrumbList","@id":"https:\/\/www.roxer.ro\/dev\/echipament\/xerox-b235-multifunctionala-a4-monocrom#breadcrumb","itemListElement":[{"@type":"ListItem","position":1,"name":"Prima pagin\u0103","item":"https:\/\/www.roxer.ro\/dev\/"},{"@type":"ListItem","position":2,"name":"Echipamente","item":"https:\/\/www.roxer.ro\/dev\/echipamente"},{"@type":"ListItem","position":3,"name":"Xerox B235 &#8211; Imprimant\u0103 multifunc\u0163ional\u0103 A4 monocrom"}]},{"@type":"WebSite","@id":"https:\/\/www.roxer.ro\/dev\/#website","url":"https:\/\/www.roxer.ro\/dev\/","name":"Roxer Grup","description":"Xerox Cluj Napoca, Distribuitor Xerox Cluj, distribuitor Xerox S\u0103laj, distribuitor Xerox Bihor, distribuitor Xerox Maramure\u015f, distribuitor Xerox Bistri\u0163a N\u0103s\u0103ud, distribuitor Xerox Satu Mare","publisher":{"@id":"https:\/\/www.roxer.ro\/dev\/#organization"},"potentialAction":[{"@type":"SearchAction","target":{"@type":"EntryPoint","urlTemplate":"https:\/\/www.roxer.ro\/dev\/?s={search_term_string}"},"query-input":"required name=search_term_string"}],"inLanguage":"ro-RO"},{"@type":"Organization","@id":"https:\/\/www.roxer.ro\/dev\/#organization","name":"Roxer Grup","url":"https:\/\/www.roxer.ro\/dev\/","logo":{"@type":"ImageObject","inLanguage":"ro-RO","@id":"https:\/\/www.roxer.ro\/dev\/#\/schema\/logo\/image\/","url":"https:\/\/www.roxer.ro\/dev\/wp-content\/uploads\/2023\/05\/logo-roxer-1-e1684141209248.png","contentUrl":"https:\/\/www.roxer.ro\/dev\/wp-content\/uploads\/2023\/05\/logo-roxer-1-e1684141209248.png","width":160,"height":57,"caption":"Roxer Grup"},"image":{"@id":"https:\/\/www.roxer.ro\/dev\/#\/schema\/logo\/image\/"}}]}},"_links":{"self":[{"href":"https:\/\/www.roxer.ro\/dev\/wp-json\/wp\/v2\/product\/6571"}],"collection":[{"href":"https:\/\/www.roxer.ro\/dev\/wp-json\/wp\/v2\/product"}],"about":[{"href":"https:\/\/www.roxer.ro\/dev\/wp-json\/wp\/v2\/types\/product"}],"wp:featuredmedia":[{"embeddable":true,"href":"https:\/\/www.roxer.ro\/dev\/wp-json\/wp\/v2\/media\/6638"}],"wp:attachment":[{"href":"https:\/\/www.roxer.ro\/dev\/wp-json\/wp\/v2\/media?parent=6571"}],"wp:term":[{"taxonomy":"product_cat","embeddable":true,"href":"https:\/\/www.roxer.ro\/dev\/wp-json\/wp\/v2\/product_cat?post=6571"},{"taxonomy":"product_tag","embeddable":true,"href":"https:\/\/www.roxer.ro\/dev\/wp-json\/wp\/v2\/product_tag?post=6571"}],"curies":[{"name":"wp","href":"https:\/\/api.w.org\/{rel}","templated":true}]}}