{"id":6687,"date":"2022-01-19T12:44:43","date_gmt":"2022-01-19T12:44:43","guid":{"rendered":"https:\/\/www.roxer.ro\/?post_type=product&#038;p=6687"},"modified":"2022-01-19T13:15:50","modified_gmt":"2022-01-19T13:15:50","slug":"xerox-c310-imprimanta-a4-color","status":"publish","type":"product","link":"https:\/\/www.roxer.ro\/dev\/echipament\/xerox-c310-imprimanta-a4-color","title":{"rendered":"Xerox C310 &#8211; Imprimant\u0103 A4 color"},"content":{"rendered":"<p><strong>Xerox C310DNI &#8211; imprimant\u0103 A4 color laser<\/strong><\/p>\n<p>Ideal\u0103 pentru \u00eentreprinderi mici \u0219i mijlocii \u0219i birouri de acas\u0103;<br \/>\nInstalare simpl\u0103 cu Smart Start Installer;<br \/>\nFiabil\u0103 \u0219i de \u00eencredere;<br \/>\nCu conexiune mobil\u0103: Apple AirPrint, Mopria, Wi-Fi Direct;<br \/>\nCaracteristici de securitate complete.<\/p>\n<p>Tava preluare h\u00e2rtie 250 coli;<\/p>\n<p>Tav\u0103 ie\u015fire: 125 coli;<\/p>\n<p>Tonere: Standard 1000 pagini color si 1500 pagini black;<\/p>\n<p>Dimensiuni: 30,8 x 44,2 x 42,1 cm;<\/p>\n<p>Greutate: 21 kg;<\/p>\n<p>Garan\u0163ie: 12 luni.<\/p>\n","protected":false},"excerpt":{"rendered":"<p>Performan\u0163\u0103<\/p>\n<ul>\n<li>Viteza de imprimare: 33 pagini pe minut;<\/li>\n<li>Imprimarea primei pagini: Color 7,2 secunde \/ Monocrom 6,7 secunde;<\/li>\n<li>Procesor: 1 GHz Dual Core;<\/li>\n<li>Memorie: 1 GB;<\/li>\n<li>Volum lunar recomandat: 5-6000 pagini A4;<\/li>\n<li>Printare Duplex: Da;<\/li>\n<li>Rezolu\u0163ie printare: 4800dpi;<\/li>\n<\/ul>\n","protected":false},"featured_media":6689,"template":"","meta":[],"product_cat":[114],"product_tag":[505],"yoast_head":"<!-- This site is optimized with the Yoast SEO plugin v20.3 - https:\/\/yoast.com\/wordpress\/plugins\/seo\/ -->\n<title>Xerox C310 - Imprimant\u0103 A4 color - Roxer Grup<\/title>\n<meta name=\"description\" content=\"Imprimant\u0103 A4 color laser, duplex, WIFI, ideal\u0103 pentru \u00eentreprinderi mici \u0219i mijlocii \u0219i birouri de acas\u0103;\" \/>\n<meta name=\"robots\" content=\"noindex, follow, max-snippet:-1, max-image-preview:large, max-video-preview:-1\" \/>\n<meta property=\"og:locale\" content=\"ro_RO\" \/>\n<meta property=\"og:type\" content=\"article\" \/>\n<meta property=\"og:title\" content=\"Xerox C310 - Imprimant\u0103 A4 color - Roxer Grup\" \/>\n<meta property=\"og:description\" content=\"Imprimant\u0103 A4 color laser, duplex, WIFI, ideal\u0103 pentru \u00eentreprinderi mici \u0219i mijlocii \u0219i birouri de acas\u0103;\" \/>\n<meta property=\"og:url\" content=\"https:\/\/www.roxer.ro\/dev\/echipament\/xerox-c310-imprimanta-a4-color\" \/>\n<meta property=\"og:site_name\" content=\"Roxer Grup\" \/>\n<meta property=\"article:modified_time\" content=\"2022-01-19T13:15:50+00:00\" \/>\n<meta property=\"og:image\" content=\"https:\/\/www.roxer.ro\/dev\/wp-content\/uploads\/2022\/01\/imprimanta-Xerox-C310-laser-color-duplex.jpg\" \/>\n\t<meta property=\"og:image:width\" content=\"560\" \/>\n\t<meta property=\"og:image:height\" content=\"560\" \/>\n\t<meta property=\"og:image:type\" content=\"image\/jpeg\" \/>\n<meta name=\"twitter:card\" content=\"summary_large_image\" \/>\n<meta name=\"twitter:label1\" content=\"Timp estimat pentru citire\" \/>\n\t<meta name=\"twitter:data1\" content=\"1 minut\" \/>\n<script type=\"application\/ld+json\" class=\"yoast-schema-graph\">{\"@context\":\"https:\/\/schema.org\",\"@graph\":[{\"@type\":\"WebPage\",\"@id\":\"https:\/\/www.roxer.ro\/dev\/echipament\/xerox-c310-imprimanta-a4-color\",\"url\":\"https:\/\/www.roxer.ro\/dev\/echipament\/xerox-c310-imprimanta-a4-color\",\"name\":\"Xerox C310 - Imprimant\u0103 A4 color - Roxer Grup\",\"isPartOf\":{\"@id\":\"https:\/\/www.roxer.ro\/dev\/#website\"},\"datePublished\":\"2022-01-19T12:44:43+00:00\",\"dateModified\":\"2022-01-19T13:15:50+00:00\",\"description\":\"Imprimant\u0103 A4 color laser, duplex, WIFI, ideal\u0103 pentru \u00eentreprinderi mici \u0219i mijlocii \u0219i birouri de acas\u0103;\",\"breadcrumb\":{\"@id\":\"https:\/\/www.roxer.ro\/dev\/echipament\/xerox-c310-imprimanta-a4-color#breadcrumb\"},\"inLanguage\":\"ro-RO\",\"potentialAction\":[{\"@type\":\"ReadAction\",\"target\":[\"https:\/\/www.roxer.ro\/dev\/echipament\/xerox-c310-imprimanta-a4-color\"]}]},{\"@type\":\"BreadcrumbList\",\"@id\":\"https:\/\/www.roxer.ro\/dev\/echipament\/xerox-c310-imprimanta-a4-color#breadcrumb\",\"itemListElement\":[{\"@type\":\"ListItem\",\"position\":1,\"name\":\"Prima pagin\u0103\",\"item\":\"https:\/\/www.roxer.ro\/dev\/\"},{\"@type\":\"ListItem\",\"position\":2,\"name\":\"Echipamente\",\"item\":\"https:\/\/www.roxer.ro\/dev\/echipamente\"},{\"@type\":\"ListItem\",\"position\":3,\"name\":\"Xerox C310 &#8211; Imprimant\u0103 A4 color\"}]},{\"@type\":\"WebSite\",\"@id\":\"https:\/\/www.roxer.ro\/dev\/#website\",\"url\":\"https:\/\/www.roxer.ro\/dev\/\",\"name\":\"Roxer Grup\",\"description\":\"Xerox Cluj Napoca, Distribuitor Xerox Cluj, distribuitor Xerox S\u0103laj, distribuitor Xerox Bihor, distribuitor Xerox Maramure\u015f, distribuitor Xerox Bistri\u0163a N\u0103s\u0103ud, distribuitor Xerox Satu Mare\",\"publisher\":{\"@id\":\"https:\/\/www.roxer.ro\/dev\/#organization\"},\"potentialAction\":[{\"@type\":\"SearchAction\",\"target\":{\"@type\":\"EntryPoint\",\"urlTemplate\":\"https:\/\/www.roxer.ro\/dev\/?s={search_term_string}\"},\"query-input\":\"required name=search_term_string\"}],\"inLanguage\":\"ro-RO\"},{\"@type\":\"Organization\",\"@id\":\"https:\/\/www.roxer.ro\/dev\/#organization\",\"name\":\"Roxer Grup\",\"url\":\"https:\/\/www.roxer.ro\/dev\/\",\"logo\":{\"@type\":\"ImageObject\",\"inLanguage\":\"ro-RO\",\"@id\":\"https:\/\/www.roxer.ro\/dev\/#\/schema\/logo\/image\/\",\"url\":\"https:\/\/www.roxer.ro\/dev\/wp-content\/uploads\/2023\/05\/logo-roxer-1-e1684141209248.png\",\"contentUrl\":\"https:\/\/www.roxer.ro\/dev\/wp-content\/uploads\/2023\/05\/logo-roxer-1-e1684141209248.png\",\"width\":160,\"height\":57,\"caption\":\"Roxer Grup\"},\"image\":{\"@id\":\"https:\/\/www.roxer.ro\/dev\/#\/schema\/logo\/image\/\"}}]}<\/script>\n<!-- \/ Yoast SEO plugin. -->","yoast_head_json":{"title":"Xerox C310 - Imprimant\u0103 A4 color - Roxer Grup","description":"Imprimant\u0103 A4 color laser, duplex, WIFI, ideal\u0103 pentru \u00eentreprinderi mici \u0219i mijlocii \u0219i birouri de acas\u0103;","robots":{"index":"noindex","follow":"follow","max-snippet":"max-snippet:-1","max-image-preview":"max-image-preview:large","max-video-preview":"max-video-preview:-1"},"og_locale":"ro_RO","og_type":"article","og_title":"Xerox C310 - Imprimant\u0103 A4 color - Roxer Grup","og_description":"Imprimant\u0103 A4 color laser, duplex, WIFI, ideal\u0103 pentru \u00eentreprinderi mici \u0219i mijlocii \u0219i birouri de acas\u0103;","og_url":"https:\/\/www.roxer.ro\/dev\/echipament\/xerox-c310-imprimanta-a4-color","og_site_name":"Roxer Grup","article_modified_time":"2022-01-19T13:15:50+00:00","og_image":[{"width":560,"height":560,"url":"https:\/\/www.roxer.ro\/dev\/wp-content\/uploads\/2022\/01\/imprimanta-Xerox-C310-laser-color-duplex.jpg","type":"image\/jpeg"}],"twitter_card":"summary_large_image","twitter_misc":{"Timp estimat pentru citire":"1 minut"},"schema":{"@context":"https:\/\/schema.org","@graph":[{"@type":"WebPage","@id":"https:\/\/www.roxer.ro\/dev\/echipament\/xerox-c310-imprimanta-a4-color","url":"https:\/\/www.roxer.ro\/dev\/echipament\/xerox-c310-imprimanta-a4-color","name":"Xerox C310 - Imprimant\u0103 A4 color - Roxer Grup","isPartOf":{"@id":"https:\/\/www.roxer.ro\/dev\/#website"},"datePublished":"2022-01-19T12:44:43+00:00","dateModified":"2022-01-19T13:15:50+00:00","description":"Imprimant\u0103 A4 color laser, duplex, WIFI, ideal\u0103 pentru \u00eentreprinderi mici \u0219i mijlocii \u0219i birouri de acas\u0103;","breadcrumb":{"@id":"https:\/\/www.roxer.ro\/dev\/echipament\/xerox-c310-imprimanta-a4-color#breadcrumb"},"inLanguage":"ro-RO","potentialAction":[{"@type":"ReadAction","target":["https:\/\/www.roxer.ro\/dev\/echipament\/xerox-c310-imprimanta-a4-color"]}]},{"@type":"BreadcrumbList","@id":"https:\/\/www.roxer.ro\/dev\/echipament\/xerox-c310-imprimanta-a4-color#breadcrumb","itemListElement":[{"@type":"ListItem","position":1,"name":"Prima pagin\u0103","item":"https:\/\/www.roxer.ro\/dev\/"},{"@type":"ListItem","position":2,"name":"Echipamente","item":"https:\/\/www.roxer.ro\/dev\/echipamente"},{"@type":"ListItem","position":3,"name":"Xerox C310 &#8211; Imprimant\u0103 A4 color"}]},{"@type":"WebSite","@id":"https:\/\/www.roxer.ro\/dev\/#website","url":"https:\/\/www.roxer.ro\/dev\/","name":"Roxer Grup","description":"Xerox Cluj Napoca, Distribuitor Xerox Cluj, distribuitor Xerox S\u0103laj, distribuitor Xerox Bihor, distribuitor Xerox Maramure\u015f, distribuitor Xerox Bistri\u0163a N\u0103s\u0103ud, distribuitor Xerox Satu Mare","publisher":{"@id":"https:\/\/www.roxer.ro\/dev\/#organization"},"potentialAction":[{"@type":"SearchAction","target":{"@type":"EntryPoint","urlTemplate":"https:\/\/www.roxer.ro\/dev\/?s={search_term_string}"},"query-input":"required name=search_term_string"}],"inLanguage":"ro-RO"},{"@type":"Organization","@id":"https:\/\/www.roxer.ro\/dev\/#organization","name":"Roxer Grup","url":"https:\/\/www.roxer.ro\/dev\/","logo":{"@type":"ImageObject","inLanguage":"ro-RO","@id":"https:\/\/www.roxer.ro\/dev\/#\/schema\/logo\/image\/","url":"https:\/\/www.roxer.ro\/dev\/wp-content\/uploads\/2023\/05\/logo-roxer-1-e1684141209248.png","contentUrl":"https:\/\/www.roxer.ro\/dev\/wp-content\/uploads\/2023\/05\/logo-roxer-1-e1684141209248.png","width":160,"height":57,"caption":"Roxer Grup"},"image":{"@id":"https:\/\/www.roxer.ro\/dev\/#\/schema\/logo\/image\/"}}]}},"_links":{"self":[{"href":"https:\/\/www.roxer.ro\/dev\/wp-json\/wp\/v2\/product\/6687"}],"collection":[{"href":"https:\/\/www.roxer.ro\/dev\/wp-json\/wp\/v2\/product"}],"about":[{"href":"https:\/\/www.roxer.ro\/dev\/wp-json\/wp\/v2\/types\/product"}],"wp:featuredmedia":[{"embeddable":true,"href":"https:\/\/www.roxer.ro\/dev\/wp-json\/wp\/v2\/media\/6689"}],"wp:attachment":[{"href":"https:\/\/www.roxer.ro\/dev\/wp-json\/wp\/v2\/media?parent=6687"}],"wp:term":[{"taxonomy":"product_cat","embeddable":true,"href":"https:\/\/www.roxer.ro\/dev\/wp-json\/wp\/v2\/product_cat?post=6687"},{"taxonomy":"product_tag","embeddable":true,"href":"https:\/\/www.roxer.ro\/dev\/wp-json\/wp\/v2\/product_tag?post=6687"}],"curies":[{"name":"wp","href":"https:\/\/api.w.org\/{rel}","templated":true}]}}