{"id":6734,"date":"2022-02-18T00:55:34","date_gmt":"2022-02-18T00:55:34","guid":{"rendered":"https:\/\/www.roxer.ro\/?post_type=product&#038;p=6734"},"modified":"2022-04-05T15:01:06","modified_gmt":"2022-04-05T15:01:06","slug":"xerox-versalink-b7135","status":"publish","type":"product","link":"https:\/\/www.roxer.ro\/dev\/echipament\/xerox-versalink-b7135","title":{"rendered":"Xerox VersaLink B7135"},"content":{"rendered":"<p>IMPRIMANT\u0102 MULTIFUNC\u0162IONAL\u0102 A3 MONOCROM &#8211; \u00cenlocuie\u015fte <a href=\"https:\/\/www.roxer.ro\/echipament\/xerox-versalink-b7035-multifunctional-a3-alb-negru-35-ppm\">Xerox VersaLink B7035<\/a><\/p>\n<p>SUSTENABILITATE F\u0102R\u0102 COMPROMISURI<br \/>\nToate dispozitivele VersaLink \u00eendeplinesc sau dep\u0103\u0219esc cele mai stricte standarde de sustenabilitate recunoscute la nivel global, inclusiv EPEAT \u0219i ENERGY STAR\u00ae, oferind beneficii pentru mediu f\u0103r\u0103 a fi nevoie s\u0103 face\u021bi compromisuri \u00een ceea ce prive\u0219te performan\u021ba sau calitatea.<\/p>\n<p>BUN VENIT, REZILIEN\u021a\u0102 DIGITAL\u0102<br \/>\nTraduc\u0103tor. Corector. Verificator de formulare. Digitalizator. VersaLink faciliteaz\u0103 abordarea chiar \u0219i celor mai dificile provoc\u0103ri. Fi\u021bi preg\u0103tit s\u0103 accesa\u021bi<br \/>\nun portofoliu din ce \u00een ce mai bogat de aplica\u021bii g\u0103zduite \u00een cloud \u0219i posibilitatea de a adapta solu\u021biile pentru necesit\u0103\u021bile specifice prin programul Xerox<br \/>\nPartners. Iar cu accesul la platforma <a href=\"https:\/\/www.roxer.ro\/noutati\/ce-este-xerox-workflow-central-noua-platforma-de-la-xerox-care-ti-simplifica-lucrul-cu-documentele-video\" target=\"_blank\" rel=\"noopener\">Xerox\u00ae Workflow Central<\/a>, o solu\u021bie bazat\u0103 pe cloud care face simpl\u0103 convertirea fi\u0219ierelor fizice \u0219i digitale \u00een formate<br \/>\nutilizabile, direct de la interfa\u021ba cu utilizatorul VersaLink, chiar \u0219i procesele de lucru complicate sunt simple. V\u0103 ajut\u0103 s\u0103 profita\u021bi la maximum de asistentul dumneavoastr\u0103 pentru locul de munc\u0103, astfel \u00eenc\u00e2t s\u0103 r\u0103m\u00e2ne\u021bi productiv \u0219i \u00een siguran\u021b\u0103, at\u00e2t de la birou c\u00e2t \u0219i \u00een deplasare.<\/p>\n<p><strong>Consumabile de mare capacitate:<\/strong><\/p>\n<p>Toner Black 34,300 pagini<\/p>\n<p>Cilindru 80,000 pagini<\/p>\n<p>&nbsp;<\/p>\n","protected":false},"excerpt":{"rendered":"<p class=\"product_title entry-title\">Echipamentul multifunc\u021bional monocrom <strong>Xerox VersaLink B7135,<\/strong> cu tehnologie Xerox\u00ae ConnectKey\u00ae, conectat la serviciile cloud, compatibil cu dispozitive mobile \u0219i aplica\u021bii, u\u0219or de personalizat, este asistentul de care ave\u021bi nevoie \u00een spa\u021biul de lucru modern.<\/p>\n<div class=\"woocommerce-product-details__short-description\">\n<p>Alimentatorul de documente automat fa\u021b\u0103-verso, cu o trecere (DADF) de 130 de coli, economise\u0219te timp prin scanarea simultan\u0103 a ambelor fe\u021be ale documentelor cu dou\u0103 fe\u021be, la viteze de 80 imagini pe minut (ipm). Capacitatea mare de alimentare cu h\u00e2rtie spore\u0219te productivitatea, \u00een special pentru sarcinile care necesit\u0103 loturi mari de documente scanate sau copiate<\/p>\n<p>Interfa\u021ba cu utilizatorul este un ecran tactil intuitiv, de tip tablet\u0103, de 7 inchi, \u00eenclinabil, care v\u0103 permite s\u0103 efectua\u021bi sarcini din doar c\u00e2teva atingeri f\u0103r\u0103 efort \u0219i v\u0103 permite s\u0103 v\u0103 personaliza\u021bi experien\u021ba.<\/p>\n<p><strong>Performan\u021b\u0103<\/strong><\/p>\n<div id=\"glance\" class=\"component\">\n<ul>\n<li>Vitez\u0103: P\u00e2n\u0103 la 35 ppm(B7135)<\/li>\n<li>Volum lunar: P\u00e2n\u0103 la 107.000 pagini(B7025); P\u00e2n\u0103 la 129.000 pagini(B7030); P\u00e2n\u0103 la 135.000 pagini(B7035)Unitate hard disc\/Procesor\/Memorie: 320 GB (op\u021bional)\/1,05 GHz Dual Core\/4 GB de memorie<\/li>\n<li>Conectivitate: Ethernet 10\/100\/1000 Base-T, High-speed USB 3.0, Wi-Fi\u00ae \u015fi Wi-Fi Direct\u00ae cu kitul op\u0163ional Wi-Fi, NFC<\/li>\n<li>Rezolu\u0163ie de copiere \u015fi de imprimare: Copiere: p\u00e2n\u0103 la 600 x 600 dpi; Imprimare: p\u00e2n\u0103 la 1200 x 1200 dpi<\/li>\n<li>Imprimarea primei pagini: 6,2 secunde alb-negru(B7125); 5,2 secunde alb-negru (B7130); 4,8 secunde alb-negru (B7135)<\/li>\n<\/ul>\n<\/div>\n<\/div>\n","protected":false},"featured_media":6790,"template":"","meta":[],"product_cat":[15,115],"product_tag":[146,517,516,515],"yoast_head":"<!-- This site is optimized with the Yoast SEO plugin v20.3 - https:\/\/yoast.com\/wordpress\/plugins\/seo\/ -->\n<title>Xerox VersaLink B7135 - Roxer Grup<\/title>\n<meta name=\"description\" content=\"Xerox VersaLink B7135 - multifunctionala A3 monocrom perfecta pt digitalizare, cuplata cu aplicatiile din AppGallery sau WorkFlow Central.\" \/>\n<meta name=\"robots\" content=\"noindex, follow, max-snippet:-1, max-image-preview:large, max-video-preview:-1\" \/>\n<meta property=\"og:locale\" content=\"ro_RO\" \/>\n<meta property=\"og:type\" content=\"article\" \/>\n<meta property=\"og:title\" content=\"Xerox VersaLink B7135 - Roxer Grup\" \/>\n<meta property=\"og:description\" content=\"Xerox VersaLink B7135 - multifunctionala A3 monocrom perfecta pt digitalizare, cuplata cu aplicatiile din AppGallery sau WorkFlow Central.\" \/>\n<meta property=\"og:url\" content=\"https:\/\/www.roxer.ro\/dev\/echipament\/xerox-versalink-b7135\" \/>\n<meta property=\"og:site_name\" content=\"Roxer Grup\" \/>\n<meta property=\"article:modified_time\" content=\"2022-04-05T15:01:06+00:00\" \/>\n<meta property=\"og:image\" content=\"https:\/\/www.roxer.ro\/dev\/wp-content\/uploads\/2022\/02\/xerox-versalink-c7100.jpg\" \/>\n\t<meta property=\"og:image:width\" content=\"532\" \/>\n\t<meta property=\"og:image:height\" content=\"504\" \/>\n\t<meta property=\"og:image:type\" content=\"image\/jpeg\" \/>\n<meta name=\"twitter:card\" content=\"summary_large_image\" \/>\n<meta name=\"twitter:label1\" content=\"Timp estimat pentru citire\" \/>\n\t<meta name=\"twitter:data1\" content=\"1 minut\" \/>\n<script type=\"application\/ld+json\" class=\"yoast-schema-graph\">{\"@context\":\"https:\/\/schema.org\",\"@graph\":[{\"@type\":\"WebPage\",\"@id\":\"https:\/\/www.roxer.ro\/dev\/echipament\/xerox-versalink-b7135\",\"url\":\"https:\/\/www.roxer.ro\/dev\/echipament\/xerox-versalink-b7135\",\"name\":\"Xerox VersaLink B7135 - Roxer Grup\",\"isPartOf\":{\"@id\":\"https:\/\/www.roxer.ro\/dev\/#website\"},\"datePublished\":\"2022-02-18T00:55:34+00:00\",\"dateModified\":\"2022-04-05T15:01:06+00:00\",\"description\":\"Xerox VersaLink B7135 - multifunctionala A3 monocrom perfecta pt digitalizare, cuplata cu aplicatiile din AppGallery sau WorkFlow Central.\",\"breadcrumb\":{\"@id\":\"https:\/\/www.roxer.ro\/dev\/echipament\/xerox-versalink-b7135#breadcrumb\"},\"inLanguage\":\"ro-RO\",\"potentialAction\":[{\"@type\":\"ReadAction\",\"target\":[\"https:\/\/www.roxer.ro\/dev\/echipament\/xerox-versalink-b7135\"]}]},{\"@type\":\"BreadcrumbList\",\"@id\":\"https:\/\/www.roxer.ro\/dev\/echipament\/xerox-versalink-b7135#breadcrumb\",\"itemListElement\":[{\"@type\":\"ListItem\",\"position\":1,\"name\":\"Prima pagin\u0103\",\"item\":\"https:\/\/www.roxer.ro\/dev\/\"},{\"@type\":\"ListItem\",\"position\":2,\"name\":\"Echipamente\",\"item\":\"https:\/\/www.roxer.ro\/dev\/echipamente\"},{\"@type\":\"ListItem\",\"position\":3,\"name\":\"Xerox VersaLink B7135\"}]},{\"@type\":\"WebSite\",\"@id\":\"https:\/\/www.roxer.ro\/dev\/#website\",\"url\":\"https:\/\/www.roxer.ro\/dev\/\",\"name\":\"Roxer Grup\",\"description\":\"Xerox Cluj Napoca, Distribuitor Xerox Cluj, distribuitor Xerox S\u0103laj, distribuitor Xerox Bihor, distribuitor Xerox Maramure\u015f, distribuitor Xerox Bistri\u0163a N\u0103s\u0103ud, distribuitor Xerox Satu Mare\",\"publisher\":{\"@id\":\"https:\/\/www.roxer.ro\/dev\/#organization\"},\"potentialAction\":[{\"@type\":\"SearchAction\",\"target\":{\"@type\":\"EntryPoint\",\"urlTemplate\":\"https:\/\/www.roxer.ro\/dev\/?s={search_term_string}\"},\"query-input\":\"required name=search_term_string\"}],\"inLanguage\":\"ro-RO\"},{\"@type\":\"Organization\",\"@id\":\"https:\/\/www.roxer.ro\/dev\/#organization\",\"name\":\"Roxer Grup\",\"url\":\"https:\/\/www.roxer.ro\/dev\/\",\"logo\":{\"@type\":\"ImageObject\",\"inLanguage\":\"ro-RO\",\"@id\":\"https:\/\/www.roxer.ro\/dev\/#\/schema\/logo\/image\/\",\"url\":\"https:\/\/www.roxer.ro\/dev\/wp-content\/uploads\/2023\/05\/logo-roxer-1-e1684141209248.png\",\"contentUrl\":\"https:\/\/www.roxer.ro\/dev\/wp-content\/uploads\/2023\/05\/logo-roxer-1-e1684141209248.png\",\"width\":160,\"height\":57,\"caption\":\"Roxer Grup\"},\"image\":{\"@id\":\"https:\/\/www.roxer.ro\/dev\/#\/schema\/logo\/image\/\"}}]}<\/script>\n<!-- \/ Yoast SEO plugin. -->","yoast_head_json":{"title":"Xerox VersaLink B7135 - Roxer Grup","description":"Xerox VersaLink B7135 - multifunctionala A3 monocrom perfecta pt digitalizare, cuplata cu aplicatiile din AppGallery sau WorkFlow Central.","robots":{"index":"noindex","follow":"follow","max-snippet":"max-snippet:-1","max-image-preview":"max-image-preview:large","max-video-preview":"max-video-preview:-1"},"og_locale":"ro_RO","og_type":"article","og_title":"Xerox VersaLink B7135 - Roxer Grup","og_description":"Xerox VersaLink B7135 - multifunctionala A3 monocrom perfecta pt digitalizare, cuplata cu aplicatiile din AppGallery sau WorkFlow Central.","og_url":"https:\/\/www.roxer.ro\/dev\/echipament\/xerox-versalink-b7135","og_site_name":"Roxer Grup","article_modified_time":"2022-04-05T15:01:06+00:00","og_image":[{"width":532,"height":504,"url":"https:\/\/www.roxer.ro\/dev\/wp-content\/uploads\/2022\/02\/xerox-versalink-c7100.jpg","type":"image\/jpeg"}],"twitter_card":"summary_large_image","twitter_misc":{"Timp estimat pentru citire":"1 minut"},"schema":{"@context":"https:\/\/schema.org","@graph":[{"@type":"WebPage","@id":"https:\/\/www.roxer.ro\/dev\/echipament\/xerox-versalink-b7135","url":"https:\/\/www.roxer.ro\/dev\/echipament\/xerox-versalink-b7135","name":"Xerox VersaLink B7135 - Roxer Grup","isPartOf":{"@id":"https:\/\/www.roxer.ro\/dev\/#website"},"datePublished":"2022-02-18T00:55:34+00:00","dateModified":"2022-04-05T15:01:06+00:00","description":"Xerox VersaLink B7135 - multifunctionala A3 monocrom perfecta pt digitalizare, cuplata cu aplicatiile din AppGallery sau WorkFlow Central.","breadcrumb":{"@id":"https:\/\/www.roxer.ro\/dev\/echipament\/xerox-versalink-b7135#breadcrumb"},"inLanguage":"ro-RO","potentialAction":[{"@type":"ReadAction","target":["https:\/\/www.roxer.ro\/dev\/echipament\/xerox-versalink-b7135"]}]},{"@type":"BreadcrumbList","@id":"https:\/\/www.roxer.ro\/dev\/echipament\/xerox-versalink-b7135#breadcrumb","itemListElement":[{"@type":"ListItem","position":1,"name":"Prima pagin\u0103","item":"https:\/\/www.roxer.ro\/dev\/"},{"@type":"ListItem","position":2,"name":"Echipamente","item":"https:\/\/www.roxer.ro\/dev\/echipamente"},{"@type":"ListItem","position":3,"name":"Xerox VersaLink B7135"}]},{"@type":"WebSite","@id":"https:\/\/www.roxer.ro\/dev\/#website","url":"https:\/\/www.roxer.ro\/dev\/","name":"Roxer Grup","description":"Xerox Cluj Napoca, Distribuitor Xerox Cluj, distribuitor Xerox S\u0103laj, distribuitor Xerox Bihor, distribuitor Xerox Maramure\u015f, distribuitor Xerox Bistri\u0163a N\u0103s\u0103ud, distribuitor Xerox Satu Mare","publisher":{"@id":"https:\/\/www.roxer.ro\/dev\/#organization"},"potentialAction":[{"@type":"SearchAction","target":{"@type":"EntryPoint","urlTemplate":"https:\/\/www.roxer.ro\/dev\/?s={search_term_string}"},"query-input":"required name=search_term_string"}],"inLanguage":"ro-RO"},{"@type":"Organization","@id":"https:\/\/www.roxer.ro\/dev\/#organization","name":"Roxer Grup","url":"https:\/\/www.roxer.ro\/dev\/","logo":{"@type":"ImageObject","inLanguage":"ro-RO","@id":"https:\/\/www.roxer.ro\/dev\/#\/schema\/logo\/image\/","url":"https:\/\/www.roxer.ro\/dev\/wp-content\/uploads\/2023\/05\/logo-roxer-1-e1684141209248.png","contentUrl":"https:\/\/www.roxer.ro\/dev\/wp-content\/uploads\/2023\/05\/logo-roxer-1-e1684141209248.png","width":160,"height":57,"caption":"Roxer Grup"},"image":{"@id":"https:\/\/www.roxer.ro\/dev\/#\/schema\/logo\/image\/"}}]}},"_links":{"self":[{"href":"https:\/\/www.roxer.ro\/dev\/wp-json\/wp\/v2\/product\/6734"}],"collection":[{"href":"https:\/\/www.roxer.ro\/dev\/wp-json\/wp\/v2\/product"}],"about":[{"href":"https:\/\/www.roxer.ro\/dev\/wp-json\/wp\/v2\/types\/product"}],"wp:featuredmedia":[{"embeddable":true,"href":"https:\/\/www.roxer.ro\/dev\/wp-json\/wp\/v2\/media\/6790"}],"wp:attachment":[{"href":"https:\/\/www.roxer.ro\/dev\/wp-json\/wp\/v2\/media?parent=6734"}],"wp:term":[{"taxonomy":"product_cat","embeddable":true,"href":"https:\/\/www.roxer.ro\/dev\/wp-json\/wp\/v2\/product_cat?post=6734"},{"taxonomy":"product_tag","embeddable":true,"href":"https:\/\/www.roxer.ro\/dev\/wp-json\/wp\/v2\/product_tag?post=6734"}],"curies":[{"name":"wp","href":"https:\/\/api.w.org\/{rel}","templated":true}]}}